CRAN Package Check Results for Package shiny.worker

Last updated on 2022-09-28 00:52:54 CEST.

Flavor Version Tinstall Tcheck Ttotal Status Flags
r-devel-linux-x86_64-debian-clang 0.0.1 3.56 23.43 26.99 NOTE
r-devel-linux-x86_64-debian-gcc 0.0.1 2.26 19.30 21.56 NOTE
r-devel-linux-x86_64-fedora-clang 0.0.1 47.63 NOTE
r-devel-linux-x86_64-fedora-gcc 0.0.1 44.80 NOTE
r-devel-windows-x86_64 0.0.1 12.00 50.00 62.00 NOTE
r-patched-linux-x86_64 0.0.1 2.18 23.36 25.54 NOTE
r-release-linux-x86_64 0.0.1 3.30 23.54 26.84 NOTE
r-release-macos-arm64 0.0.1 16.00 NOTE
r-release-macos-x86_64 0.0.1 25.00 NOTE
r-release-windows-x86_64 0.0.1 15.00 51.00 66.00 NOTE
r-oldrel-macos-arm64 0.0.1 19.00 NOTE
r-oldrel-macos-x86_64 0.0.1 24.00 NOTE
r-oldrel-windows-ix86+x86_64 0.0.1 8.00 47.00 55.00 NOTE

Check Details

Version: 0.0.1
Check: LazyData
Result: NOTE
     'LazyData' is specified without a 'data' directory
Flavors: r-devel-linux-x86_64-debian-clang, r-devel-linux-x86_64-debian-gcc, r-devel-linux-x86_64-fedora-clang, r-devel-linux-x86_64-fedora-gcc, r-devel-windows-x86_64, r-patched-linux-x86_64, r-release-linux-x86_64, r-release-macos-arm64, r-release-macos-x86_64, r-release-windows-x86_64, r-oldrel-macos-arm64, r-oldrel-macos-x86_64, r-oldrel-windows-ix86+x86_64

Version: 0.0.1
Check: dependencies in R code
Result: NOTE
    Namespaces in Imports field not imported from:
     ‘R6’ ‘shiny’
     All declared Imports should be used.
Flavors: r-devel-linux-x86_64-fedora-clang, r-devel-linux-x86_64-fedora-gcc, r-release-macos-arm64, r-release-macos-x86_64, r-oldrel-macos-arm64, r-oldrel-macos-x86_64