CRAN Package Check Results for Package shiny.pwa

Last updated on 2022-09-26 19:50:48 CEST.

Flavor Version Tinstall Tcheck Ttotal Status Flags
r-devel-linux-x86_64-debian-clang 0.2.1 6.17 47.67 53.84 NOTE
r-devel-linux-x86_64-debian-gcc 0.2.1 4.75 36.13 40.88 NOTE
r-devel-linux-x86_64-fedora-clang 0.2.1 78.27 NOTE
r-devel-linux-x86_64-fedora-gcc 0.2.1 73.30 NOTE
r-devel-windows-x86_64 0.2.1 15.00 71.00 86.00 NOTE
r-patched-linux-x86_64 0.2.1 3.81 45.51 49.32 OK
r-release-linux-x86_64 0.2.1 4.87 45.17 50.04 OK
r-release-macos-arm64 0.2.1 24.00 OK
r-release-macos-x86_64 0.2.1 37.00 OK
r-release-windows-x86_64 0.2.1 20.00 74.00 94.00 OK
r-oldrel-macos-arm64 0.2.1 25.00 OK
r-oldrel-macos-x86_64 0.2.1 29.00 OK
r-oldrel-windows-ix86+x86_64 0.2.1 14.00 69.00 83.00 OK

Check Details

Version: 0.2.1
Check: package subdirectories
Result: NOTE
    Problems with news in 'NEWS.md':
    No news entries found.
Flavors: r-devel-linux-x86_64-debian-clang, r-devel-linux-x86_64-debian-gcc, r-devel-linux-x86_64-fedora-clang, r-devel-linux-x86_64-fedora-gcc, r-devel-windows-x86_64