CRAN Package Check Results for Package shiny

Last updated on 2022-08-14 00:54:32 CEST.

Flavor Version Tinstall Tcheck Ttotal Status Flags
r-devel-linux-x86_64-debian-clang 1.7.2 38.03 166.45 204.48 OK
r-devel-linux-x86_64-debian-gcc 1.7.2 33.11 122.75 155.86 OK
r-devel-linux-x86_64-fedora-clang 1.7.2 244.86 NOTE
r-devel-linux-x86_64-fedora-gcc 1.7.2 261.63 OK
r-devel-windows-x86_64 1.7.2 344.00 200.00 544.00 NOTE
r-patched-linux-x86_64 1.7.2 47.74 148.01 195.75 OK
r-release-linux-x86_64 1.7.2 39.37 148.82 188.19 OK
r-release-macos-arm64 1.7.2 77.00 NOTE
r-release-macos-x86_64 1.7.2 93.00 NOTE
r-release-windows-x86_64 1.7.2 334.00 205.00 539.00 NOTE
r-oldrel-macos-arm64 1.7.2 66.00 NOTE
r-oldrel-macos-x86_64 1.7.2 92.00 NOTE
r-oldrel-windows-ix86+x86_64 1.7.2 67.00 194.00 261.00 NOTE

Check Details

Version: 1.7.2
Check: installed package size
Result: NOTE
     installed size is 10.2Mb
     sub-directories of 1Mb or more:
     R 1.6Mb
     www 7.2Mb
Flavors: r-devel-linux-x86_64-fedora-clang, r-devel-windows-x86_64, r-release-macos-arm64, r-release-macos-x86_64, r-release-windows-x86_64, r-oldrel-macos-arm64, r-oldrel-macos-x86_64, r-oldrel-windows-ix86+x86_64