CRAN Package Check Results for Package sharp

Last updated on 2024-04-17 13:16:09 CEST.

Flavor Version Tinstall Tcheck Ttotal Status Flags
r-devel-linux-x86_64-debian-clang 1.4.6 14.51 154.83 169.34 NOTE
r-devel-linux-x86_64-debian-gcc 1.4.6 11.42 116.33 127.75 NOTE
r-devel-linux-x86_64-fedora-clang 1.4.6 209.56 NOTE
r-devel-linux-x86_64-fedora-gcc 1.4.6 218.37 NOTE
r-prerel-macos-arm64 1.4.6 68.00 NOTE
r-prerel-macos-x86_64 1.4.6 193.00 NOTE
r-prerel-windows-x86_64 1.4.6 13.00 166.00 179.00 NOTE
r-patched-linux-x86_64 1.4.6 18.18 144.99 163.17 NOTE
r-release-linux-x86_64 1.4.6 9.21 147.30 156.51 NOTE
r-release-macos-arm64 1.4.6 73.00 NOTE
r-release-macos-x86_64 1.4.6 176.00 NOTE
r-release-windows-x86_64 1.4.6 16.00 195.00 211.00 NOTE
r-oldrel-macos-arm64 1.4.6 73.00 NOTE
r-oldrel-windows-x86_64 1.4.6 18.00 167.00 185.00 NOTE

Check Details

Version: 1.4.6
Check: package dependencies
Result: NOTE Package suggested but not available for checking: ‘rCOSA’ Flavors: r-devel-linux-x86_64-debian-clang, r-devel-linux-x86_64-debian-gcc, r-devel-linux-x86_64-fedora-clang, r-devel-linux-x86_64-fedora-gcc, r-prerel-macos-arm64, r-prerel-macos-x86_64, r-prerel-windows-x86_64, r-patched-linux-x86_64, r-release-linux-x86_64, r-release-macos-arm64, r-release-macos-x86_64, r-release-windows-x86_64, r-oldrel-macos-arm64, r-oldrel-windows-x86_64

Version: 1.4.6
Check: Rd cross-references
Result: NOTE Package unavailable to check Rd xrefs: ‘rCOSA’ Flavors: r-devel-linux-x86_64-debian-clang, r-devel-linux-x86_64-debian-gcc, r-devel-linux-x86_64-fedora-clang, r-devel-linux-x86_64-fedora-gcc, r-prerel-macos-arm64, r-prerel-macos-x86_64, r-prerel-windows-x86_64, r-patched-linux-x86_64, r-release-linux-x86_64, r-release-macos-arm64, r-release-macos-x86_64, r-release-windows-x86_64, r-oldrel-macos-arm64, r-oldrel-windows-x86_64