CRAN Package Check Results for Package shapr

Last updated on 2024-06-13 00:55:32 CEST.

Flavor Version Tinstall Tcheck Ttotal Status Flags
r-devel-linux-x86_64-debian-clang 0.2.2 84.25 130.49 214.74 OK
r-devel-linux-x86_64-debian-gcc 0.2.2 58.86 47.92 106.78 ERROR
r-devel-linux-x86_64-fedora-clang 0.2.2 319.24 OK
r-devel-linux-x86_64-fedora-gcc 0.2.2 314.46 OK
r-devel-windows-x86_64 0.2.2 70.00 129.00 199.00 OK
r-patched-linux-x86_64 0.2.2 59.75 141.79 201.54 OK
r-release-linux-x86_64 0.2.2 72.92 138.43 211.35 OK
r-release-macos-arm64 0.2.2 70.00 OK
r-release-macos-x86_64 0.2.2 103.00 OK
r-release-windows-x86_64 0.2.2 70.00 127.00 197.00 OK
r-oldrel-macos-arm64 0.2.2 78.00 OK
r-oldrel-macos-x86_64 0.2.2 187.00 OK
r-oldrel-windows-x86_64 0.2.2 86.00 155.00 241.00 OK

Check Details

Version: 0.2.2
Check: package dependencies
Result: NOTE Packages suggested but not available for checking: 'testthat', 'roxygen2', 'ggplot2', 'caret' Flavor: r-devel-linux-x86_64-debian-gcc

Version: 0.2.2
Check: tests
Result: ERROR Running ‘testthat.R’ [0s/1s] Running the tests in ‘tests/testthat.R’ failed. Complete output: > library(testthat) Error in library(testthat) : there is no package called 'testthat' Execution halted Flavor: r-devel-linux-x86_64-debian-gcc

Version: 0.2.2
Check: re-building of vignette outputs
Result: ERROR Error(s) in re-building vignettes: ... --- re-building ‘understanding_shapr.Rmd’ using rmarkdown Quitting from lines 241-282 [unnamed-chunk-2] (understanding_shapr.Rmd) Error: processing vignette 'understanding_shapr.Rmd' failed with diagnostics: ggplot2 is not installed. Please run install.packages('ggplot2') --- failed re-building ‘understanding_shapr.Rmd’ SUMMARY: processing the following file failed: ‘understanding_shapr.Rmd’ Error: Vignette re-building failed. Execution halted Flavor: r-devel-linux-x86_64-debian-gcc