Last updated on 2023-01-29 12:55:41 CET.
Flavor | Version | Tinstall | Tcheck | Ttotal | Status | Flags |
---|---|---|---|---|---|---|
r-devel-linux-x86_64-debian-clang | 0.7.1 | 23.82 | 341.86 | 365.68 | NOTE | |
r-devel-linux-x86_64-debian-gcc | 0.7.1 | 23.48 | 253.91 | 277.39 | NOTE | |
r-devel-linux-x86_64-fedora-clang | 0.7.1 | 461.95 | NOTE | |||
r-devel-linux-x86_64-fedora-gcc | 0.7.1 | 472.43 | NOTE | |||
r-devel-windows-x86_64 | 0.7.1 | 43.00 | 341.00 | 384.00 | NOTE | |
r-patched-linux-x86_64 | 0.7.1 | 29.25 | 328.81 | 358.06 | OK | |
r-release-linux-x86_64 | 0.7.1 | 24.30 | 335.42 | 359.72 | OK | |
r-release-macos-arm64 | 0.7.1 | 90.00 | OK | |||
r-release-macos-x86_64 | 0.7.1 | 130.00 | OK | |||
r-release-windows-x86_64 | 0.7.1 | 39.00 | 347.00 | 386.00 | OK | |
r-oldrel-macos-arm64 | 0.7.1 | 54.00 | OK | |||
r-oldrel-macos-x86_64 | 0.7.1 | 106.00 | OK | |||
r-oldrel-windows-ix86+x86_64 | 0.7.1 | 63.00 | 355.00 | 418.00 | OK |
Version: 0.7.1
Check: package subdirectories
Result: NOTE
Problems with news in ‘NEWS.md’:
Cannot extract version info from the following section titles:
Other ideas
Flavors: r-devel-linux-x86_64-debian-clang, r-devel-linux-x86_64-debian-gcc, r-devel-linux-x86_64-fedora-clang, r-devel-linux-x86_64-fedora-gcc, r-devel-windows-x86_64