Last updated on 2023-02-03 06:50:33 CET.
Flavor | Version | Tinstall | Tcheck | Ttotal | Status | Flags |
---|---|---|---|---|---|---|
r-devel-linux-x86_64-debian-clang | 1.3.4 | 11.54 | 457.01 | 468.55 | OK | |
r-devel-linux-x86_64-debian-gcc | 1.3.4 | 8.12 | 341.67 | 349.79 | OK | |
r-devel-linux-x86_64-fedora-clang | 1.3.4 | 571.97 | OK | |||
r-devel-linux-x86_64-fedora-gcc | 1.3.4 | 593.68 | OK | |||
r-devel-windows-x86_64 | 1.3.4 | 44.00 | 520.00 | 564.00 | OK | |
r-patched-linux-x86_64 | 1.3.4 | 6.74 | 442.55 | 449.29 | OK | |
r-release-linux-x86_64 | 1.3.4 | 7.14 | 383.13 | 390.27 | OK | |
r-release-macos-arm64 | 1.3.4 | 136.00 | OK | |||
r-release-macos-x86_64 | 1.3.4 | 212.00 | OK | |||
r-release-windows-x86_64 | 1.3.4 | 35.00 | 348.00 | 383.00 | OK | |
r-oldrel-macos-arm64 | 1.3.4 | 142.00 | WARN | |||
r-oldrel-macos-x86_64 | 1.3.4 | 226.00 | WARN | |||
r-oldrel-windows-ix86+x86_64 | 1.3.4 | 13.00 | 418.00 | 431.00 | OK |
Version: 1.3.4
Check: for executable files
Result: WARN
Found the following executable files:
inst/extdata/access.dbf
inst/extdata/existing.dbf
inst/extdata/existingna.dbf
Source packages should not contain undeclared executable files.
See section ‘Package structure’ in the ‘Writing R Extensions’ manual.
Flavors: r-oldrel-macos-arm64, r-oldrel-macos-x86_64