CRAN Package Check Results for Package sgs

Last updated on 2024-02-29 12:55:04 CET.

Flavor Version Tinstall Tcheck Ttotal Status Flags
r-devel-linux-x86_64-debian-clang 0.1.1 47.16 397.45 444.61 NOTE
r-devel-linux-x86_64-debian-gcc 0.1.1 34.34 283.23 317.57 NOTE
r-devel-linux-x86_64-fedora-clang 0.1.1 538.37 NOTE
r-devel-linux-x86_64-fedora-gcc 0.1.1 546.98 NOTE
r-devel-windows-x86_64 0.1.1 40.00 293.00 333.00 OK
r-patched-linux-x86_64 0.1.1 43.90 391.73 435.63 OK
r-release-linux-x86_64 0.1.1 44.99 379.17 424.16 OK
r-release-macos-arm64 0.1.1 141.00 OK
r-release-macos-x86_64 0.1.1 184.00 OK
r-release-windows-x86_64 0.1.1 51.00 363.00 414.00 OK
r-oldrel-macos-arm64 0.1.1 132.00 OK
r-oldrel-windows-x86_64 0.1.1 49.00 377.00 426.00 OK

Check Details

Version: 0.1.1
Check: Rd files
Result: NOTE checkRd: (-1) generate_toy_data.Rd:35: Lost braces 35 | \item{groups}{If item{grouped=TRUE}, the grouping structure is required. Each input variable should have a group id.} | ^ checkRd: (-1) generate_toy_data.Rd:58: Lost braces 58 | \item{true_grp_id}{Indices of which groups are non-zero in item{true_beta}.} | ^ checkRd: (-1) predict.sgs.Rd:18: Lost braces 18 | item{response}{The predicted response. In the logistic case, this represents the predicted class probabilities.} | ^ checkRd: (-1) predict.sgs.Rd:18: Lost braces 18 | item{response}{The predicted response. In the logistic case, this represents the predicted class probabilities.} | ^ checkRd: (-1) predict.sgs.Rd:19: Lost braces 19 | item{class}{The predicted class assignments. Only returned if type = "logistic" in the \code{"sgs"} object.} | ^ checkRd: (-1) predict.sgs.Rd:19: Lost braces 19 | item{class}{The predicted class assignments. Only returned if type = "logistic" in the \code{"sgs"} object.} | ^ Flavors: r-devel-linux-x86_64-debian-clang, r-devel-linux-x86_64-debian-gcc, r-devel-linux-x86_64-fedora-clang, r-devel-linux-x86_64-fedora-gcc