Last updated on 2023-01-29 06:52:12 CET.
Flavor | Version | Tinstall | Tcheck | Ttotal | Status | Flags |
---|---|---|---|---|---|---|
r-devel-linux-x86_64-debian-clang | 1.1.1 | 44.38 | 40.10 | 84.48 | OK | |
r-devel-linux-x86_64-debian-gcc | 1.1.1 | 39.62 | 30.94 | 70.56 | NOTE | |
r-devel-linux-x86_64-fedora-clang | 1.1.1 | 123.32 | NOTE | |||
r-devel-linux-x86_64-fedora-gcc | 1.1.1 | 132.88 | NOTE | |||
r-devel-windows-x86_64 | 1.1.1 | 71.00 | 94.00 | 165.00 | NOTE | |
r-patched-linux-x86_64 | 1.1.1 | 38.22 | 39.30 | 77.52 | OK | |
r-release-linux-x86_64 | 1.1.1 | 38.19 | 39.92 | 78.11 | OK | |
r-release-macos-arm64 | 1.1.1 | 34.00 | OK | |||
r-release-macos-x86_64 | 1.1.1 | 58.00 | OK | |||
r-release-windows-x86_64 | 1.1.1 | 46.00 | 92.00 | 138.00 | OK | |
r-oldrel-macos-arm64 | 1.1.1 | 39.00 | NOTE | |||
r-oldrel-macos-x86_64 | 1.1.1 | 54.00 | OK | |||
r-oldrel-windows-ix86+x86_64 | 1.1.1 | 109.00 | 94.00 | 203.00 | OK |
Version: 1.1.1
Check: C++ specification
Result: NOTE
Specified C++11: please update to current default of C++17
Flavors: r-devel-linux-x86_64-debian-gcc, r-devel-linux-x86_64-fedora-clang, r-devel-linux-x86_64-fedora-gcc, r-devel-windows-x86_64
Version: 1.1.1
Check: installed package size
Result: NOTE
installed size is 5.7Mb
sub-directories of 1Mb or more:
libs 4.9Mb
Flavor: r-oldrel-macos-arm64