CRAN Package Check Results for Package sfo

Last updated on 2021-11-26 19:53:05 CET.

Flavor Version Tinstall Tcheck Ttotal Status Flags
r-devel-linux-x86_64-debian-clang 0.1.1 2.98 30.64 33.62 OK
r-devel-linux-x86_64-debian-gcc 0.1.1 2.90 24.49 27.39 OK
r-devel-linux-x86_64-fedora-clang 0.1.1 53.01 OK
r-devel-linux-x86_64-fedora-gcc 0.1.1 41.38 OK
r-devel-windows-x86_64-new-UL 0.1.1 13.00 80.00 93.00 OK
r-devel-windows-x86_64-new-TK 0.1.1 OK
r-devel-windows-x86_64-old 0.1.1 5.00 61.00 66.00 OK
r-patched-linux-x86_64 0.1.1 3.33 30.02 33.35 OK
r-patched-solaris-x86 0.1.1 58.90 OK
r-release-linux-x86_64 0.1.1 OK
r-release-macos-arm64 0.1.1 OK
r-release-macos-x86_64 0.1.1 WARN
r-release-windows-ix86+x86_64 0.1.1 9.00 39.00 48.00 OK
r-oldrel-macos-x86_64 0.1.1 WARN
r-oldrel-windows-ix86+x86_64 0.1.1 6.00 67.00 73.00 OK

Check Details

Version: 0.1.1
Check: re-building of vignette outputs
Result: WARN
    Error(s) in re-building vignettes:
    --- re-building ‘v1_intro.Rmd’ using rmarkdown
    Warning in engine$weave(file, quiet = quiet, encoding = enc) :
     Pandoc (>= 1.12.3) not available. Falling back to R Markdown v1.
    --- finished re-building ‘v1_intro.Rmd’
    
    --- re-building ‘v3_analyzing_landing.Rmd’ using rmarkdown
    Warning in engine$weave(file, quiet = quiet, encoding = enc) :
     Pandoc (>= 1.12.3) not available. Falling back to R Markdown v1.
    
    Attaching package: 'dplyr'
    
    The following objects are masked from 'package:stats':
    
     filter, lag
    
    The following objects are masked from 'package:base':
    
     intersect, setdiff, setequal, union
    
    Loading required package: ggplot2
    
    Attaching package: 'plotly'
    
    The following object is masked from 'package:ggplot2':
    
     last_plot
    
    The following object is masked from 'package:stats':
    
     filter
    
    The following object is masked from 'package:graphics':
    
     layout
    
    PhantomJS not found. You can install it with webshot::install_phantomjs(). If it is installed, please make sure the phantomjs executable can be found via the PATH variable.
    PhantomJS not found. You can install it with webshot::install_phantomjs(). If it is installed, please make sure the phantomjs executable can be found via the PATH variable.
    Quitting from lines 61-70 (v3_analyzing_landing.Rmd)
    Error: processing vignette 'v3_analyzing_landing.Rmd' failed with diagnostics:
    invalid 'path' argument
    --- failed re-building ‘v3_analyzing_landing.Rmd’
    
    SUMMARY: processing the following file failed:
     ‘v3_analyzing_landing.Rmd’
    
    Error: Vignette re-building failed.
    Execution halted
Flavor: r-release-macos-x86_64

Version: 0.1.1
Check: re-building of vignette outputs
Result: WARN
    Error(s) in re-building vignettes:
    --- re-building ‘v1_intro.Rmd’ using rmarkdown
    Warning in engine$weave(file, quiet = quiet, encoding = enc) :
     Pandoc (>= 1.12.3) and/or pandoc-citeproc not available. Falling back to R Markdown v1.
    --- finished re-building ‘v1_intro.Rmd’
    
    --- re-building ‘v3_analyzing_landing.Rmd’ using rmarkdown
    Warning in engine$weave(file, quiet = quiet, encoding = enc) :
     Pandoc (>= 1.12.3) and/or pandoc-citeproc not available. Falling back to R Markdown v1.
    
    Attaching package: 'dplyr'
    
    The following objects are masked from 'package:stats':
    
     filter, lag
    
    The following objects are masked from 'package:base':
    
     intersect, setdiff, setequal, union
    
    Loading required package: ggplot2
    
    Attaching package: 'plotly'
    
    The following object is masked from 'package:ggplot2':
    
     last_plot
    
    The following object is masked from 'package:stats':
    
     filter
    
    The following object is masked from 'package:graphics':
    
     layout
    
    PhantomJS not found. You can install it with webshot::install_phantomjs(). If it is installed, please make sure the phantomjs executable can be found via the PATH variable.
    Quitting from lines 61-70 (v3_analyzing_landing.Rmd)
    Error: processing vignette 'v3_analyzing_landing.Rmd' failed with diagnostics:
    invalid 'path' argument
    --- failed re-building ‘v3_analyzing_landing.Rmd’
    
    SUMMARY: processing the following file failed:
     ‘v3_analyzing_landing.Rmd’
    
    Error: Vignette re-building failed.
    Execution halted
Flavor: r-oldrel-macos-x86_64