CRAN Package Check Results for Package sentopics

Last updated on 2022-10-05 12:57:03 CEST.

Flavor Version Tinstall Tcheck Ttotal Status Flags
r-devel-linux-x86_64-debian-clang 0.7.1 79.72 464.38 544.10 OK
r-devel-linux-x86_64-debian-gcc 0.7.1 66.22 345.46 411.68 OK
r-devel-linux-x86_64-fedora-clang 0.7.1 625.30 NOTE
r-devel-linux-x86_64-fedora-gcc 0.7.1 502.53 NOTE
r-devel-windows-x86_64 0.7.1 131.00 420.00 551.00 OK
r-patched-linux-x86_64 0.7.1 76.28 405.96 482.24 OK
r-release-linux-x86_64 0.7.1 74.22 420.64 494.86 OK
r-release-macos-arm64 0.7.1 189.00 NOTE
r-release-macos-x86_64 0.7.1 208.00 NOTE
r-release-windows-x86_64 0.7.1 116.00 417.00 533.00 OK
r-oldrel-macos-arm64 0.7.1 172.00 NOTE
r-oldrel-macos-x86_64 0.7.1 203.00 NOTE
r-oldrel-windows-ix86+x86_64 0.7.1 192.00 672.00 864.00 OK

Check Details

Version: 0.7.1
Check: Rd cross-references
Result: NOTE
    Undeclared package ‘lexicon’ in Rd xrefs
Flavor: r-devel-linux-x86_64-fedora-clang

Version: 0.7.1
Check: data for non-ASCII characters
Result: NOTE
     Note: found 3128 marked UTF-8 strings
Flavors: r-devel-linux-x86_64-fedora-clang, r-devel-linux-x86_64-fedora-gcc, r-release-macos-arm64, r-release-macos-x86_64, r-oldrel-macos-arm64, r-oldrel-macos-x86_64

Version: 0.7.1
Check: installed package size
Result: NOTE
     installed size is 6.4Mb
     sub-directories of 1Mb or more:
     data 1.2Mb
     libs 4.3Mb
Flavors: r-release-macos-arm64, r-release-macos-x86_64, r-oldrel-macos-arm64, r-oldrel-macos-x86_64