CRAN Package Check Results for Package sensitivity

Last updated on 2021-11-26 19:53:05 CET.

Flavor Version Tinstall Tcheck Ttotal Status Flags
r-devel-linux-x86_64-debian-clang 1.27.0 113.22 160.64 273.86 OK
r-devel-linux-x86_64-debian-gcc 1.27.0 88.18 117.08 205.26 OK
r-devel-linux-x86_64-fedora-clang 1.27.0 394.95 NOTE
r-devel-linux-x86_64-fedora-gcc 1.27.0 350.71 OK
r-devel-windows-x86_64-new-UL 1.27.0 175.00 231.00 406.00 OK
r-devel-windows-x86_64-new-TK 1.27.0 OK
r-devel-windows-x86_64-old 1.27.0 122.00 169.00 291.00 OK
r-patched-linux-x86_64 1.27.0 101.71 152.07 253.78 OK
r-patched-solaris-x86 1.27.0 341.30 OK
r-release-linux-x86_64 1.27.0 OK
r-release-macos-arm64 1.27.0 NOTE
r-release-macos-x86_64 1.27.0 NOTE
r-release-windows-ix86+x86_64 1.27.0 270.00 228.00 498.00 OK
r-oldrel-macos-x86_64 1.27.0 NOTE
r-oldrel-windows-ix86+x86_64 1.27.0 271.00 230.00 501.00 OK

Check Details

Version: 1.27.0
Check: installed package size
Result: NOTE
     installed size is 5.3Mb
     sub-directories of 1Mb or more:
     R 2.2Mb
     libs 2.6Mb
Flavors: r-devel-linux-x86_64-fedora-clang, r-release-macos-arm64, r-release-macos-x86_64, r-oldrel-macos-x86_64