CRAN Package Check Results for Package sendigR

Last updated on 2023-02-03 12:56:13 CET.

Flavor Version Tinstall Tcheck Ttotal Status Flags
r-devel-linux-x86_64-debian-clang 1.0.0 13.94 56.67 70.61 OK
r-devel-linux-x86_64-debian-gcc 1.0.0 8.65 42.35 51.00 OK
r-devel-linux-x86_64-fedora-clang 1.0.0 87.78 NOTE
r-devel-linux-x86_64-fedora-gcc 1.0.0 93.37 NOTE
r-devel-windows-x86_64 1.0.0 51.00 95.00 146.00 OK
r-patched-linux-x86_64 1.0.0 10.73 53.01 63.74 OK
r-release-linux-x86_64 1.0.0 8.65 52.98 61.63 OK
r-release-macos-arm64 1.0.0 25.00 NOTE
r-release-macos-x86_64 1.0.0 40.00 NOTE
r-release-windows-x86_64 1.0.0 45.00 88.00 133.00 OK
r-oldrel-macos-arm64 1.0.0 28.00 NOTE
r-oldrel-macos-x86_64 1.0.0 46.00 NOTE
r-oldrel-windows-ix86+x86_64 1.0.0 19.00 79.00 98.00 OK

Check Details

Version: 1.0.0
Check: dependencies in R code
Result: NOTE
    Namespace in Imports field not imported from: ‘reticulate’
     All declared Imports should be used.
Flavors: r-devel-linux-x86_64-fedora-clang, r-devel-linux-x86_64-fedora-gcc, r-release-macos-arm64, r-release-macos-x86_64, r-oldrel-macos-arm64, r-oldrel-macos-x86_64