CRAN Package Check Results for Package selectspm

Last updated on 2021-09-19 13:49:35 CEST.

Flavor Version Tinstall Tcheck Ttotal Status Flags
r-devel-linux-x86_64-debian-clang 0.3 8.82 76.59 85.41 OK
r-devel-linux-x86_64-debian-gcc 0.3 7.89 59.97 67.86 OK
r-devel-linux-x86_64-fedora-clang 0.3 110.44 OK
r-devel-linux-x86_64-fedora-gcc 0.3 101.27 OK
r-devel-windows-x86_64 0.3 10.00 106.00 116.00 OK
r-devel-windows-x86_64-gcc10-UCRT 0.3 ERROR
r-patched-linux-x86_64 0.3 9.45 75.07 84.52 OK
r-patched-solaris-x86 0.3 149.90 OK
r-release-linux-x86_64 0.3 8.06 74.65 82.71 OK
r-release-macos-arm64 0.3 OK
r-release-macos-x86_64 0.3 OK
r-release-windows-ix86+x86_64 0.3 20.00 72.00 92.00 OK
r-oldrel-macos-x86_64 0.3 OK
r-oldrel-windows-ix86+x86_64 0.3 21.00 75.00 96.00 OK

Check Details

Version: 0.3
Check: whether package can be installed
Result: WARN
    Found the following significant warnings:
     WARNING: installation-time patches will not be applied, could not get the patches index
Flavor: r-devel-windows-x86_64-gcc10-UCRT

Version: 0.3
Check: PDF version of manual
Result: WARN
    LaTeX errors when creating PDF version.
    This typically indicates Rd problems.
Flavor: r-devel-windows-x86_64-gcc10-UCRT

Version: 0.3
Check: PDF version of manual without hyperrefs or index
Result: ERROR
    Re-running with no redirection of stdout/stderr.
Flavor: r-devel-windows-x86_64-gcc10-UCRT