CRAN Package Check Results for Package segmag

Last updated on 2024-02-21 12:53:12 CET.

Flavor Version Tinstall Tcheck Ttotal Status Flags
r-devel-linux-x86_64-debian-clang 1.2.4 OK
r-devel-linux-x86_64-debian-gcc 1.2.4 20.27 24.31 44.58 OK
r-devel-linux-x86_64-fedora-clang 1.2.4 82.53 NOTE
r-devel-linux-x86_64-fedora-gcc 1.2.4 78.52 NOTE
r-devel-windows-x86_64 1.2.4 23.00 62.00 85.00 OK
r-patched-linux-x86_64 1.2.4 28.40 31.11 59.51 OK
r-release-linux-x86_64 1.2.4 26.14 31.27 57.41 OK
r-release-macos-arm64 1.2.4 28.00 OK
r-release-macos-x86_64 1.2.4 38.00 OK
r-release-windows-x86_64 1.2.4 28.00 69.00 97.00 OK
r-oldrel-macos-arm64 1.2.4 23.00 OK
r-oldrel-windows-x86_64 1.2.4 27.00 69.00 96.00 OK

Check Details

Version: 1.2.4
Check: compiled code
Result: NOTE File ‘segmag/libs/segmag.so’: Found no calls to: ‘R_registerRoutines’, ‘R_useDynamicSymbols’ It is good practice to register native routines and to disable symbol search. See ‘Writing portable packages’ in the ‘Writing R Extensions’ manual. Flavors: r-devel-linux-x86_64-fedora-clang, r-devel-linux-x86_64-fedora-gcc