CRAN Package Check Results for Package seg

Last updated on 2021-06-21 19:49:04 CEST.

Flavor Version Tinstall Tcheck Ttotal Status Flags
r-devel-linux-x86_64-debian-clang 0.5-7 7.36 59.53 66.89 OK
r-devel-linux-x86_64-debian-gcc 0.5-7 5.92 47.41 53.33 OK
r-devel-linux-x86_64-fedora-clang 0.5-7 90.34 OK
r-devel-linux-x86_64-fedora-gcc 0.5-7 81.16 OK
r-devel-windows-x86_64 0.5-7 15.00 86.00 101.00 OK
r-devel-windows-x86_64-gcc10-UCRT 0.5-7 OK
r-patched-linux-x86_64 0.5-7 7.92 57.49 65.41 OK
r-patched-solaris-x86 0.5-7 119.40 OK
r-release-linux-x86_64 0.5-7 6.57 57.17 63.74 OK
r-release-macos-arm64 0.5-7 NOTE
r-release-macos-x86_64 0.5-7 OK
r-release-windows-ix86+x86_64 0.5-7 20.00 120.00 140.00 OK
r-oldrel-macos-x86_64 0.5-7 OK

Check Details

Version: 0.5-7
Check: package dependencies
Result: NOTE
    Packages suggested but not available for checking: 'spdep', 'rgdal'
Flavor: r-release-macos-arm64