Last updated on 2023-02-05 00:55:34 CET.
Flavor | Version | Tinstall | Tcheck | Ttotal | Status | Flags |
---|---|---|---|---|---|---|
r-devel-linux-x86_64-debian-clang | 1.0.13 | 9.05 | 87.77 | 96.82 | OK | |
r-devel-linux-x86_64-debian-gcc | 1.0.13 | 6.11 | 66.04 | 72.15 | OK | |
r-devel-linux-x86_64-fedora-clang | 1.0.13 | 2.20 | ERROR | |||
r-devel-linux-x86_64-fedora-gcc | 1.0.13 | 2.18 | ERROR | |||
r-devel-windows-x86_64 | 1.0.13 | 120.00 | 120.00 | 240.00 | OK | |
r-patched-linux-x86_64 | 1.0.13 | 6.02 | 82.87 | 88.89 | OK | |
r-release-linux-x86_64 | 1.0.13 | 7.38 | 89.62 | 97.00 | OK | |
r-release-macos-arm64 | 1.0.13 | 6.00 | ERROR | |||
r-release-macos-x86_64 | 1.0.13 | 8.00 | ERROR | |||
r-release-windows-x86_64 | 1.0.13 | 101.00 | 122.00 | 223.00 | OK | |
r-oldrel-macos-arm64 | 1.0.13 | 10.00 | ERROR | |||
r-oldrel-macos-x86_64 | 1.0.13 | 10.00 | ERROR | |||
r-oldrel-windows-ix86+x86_64 | 1.0.13 | 20.00 | 113.00 | 133.00 | OK |
Version: 1.0.13
Check: package dependencies
Result: ERROR
Package required but not available: ‘ArrayExpress’
See section ‘The DESCRIPTION file’ in the ‘Writing R Extensions’
manual.
Flavors: r-devel-linux-x86_64-fedora-clang, r-devel-linux-x86_64-fedora-gcc, r-release-macos-arm64, r-release-macos-x86_64, r-oldrel-macos-x86_64
Version: 1.0.13
Check: package dependencies
Result: ERROR
Packages required but not available: 'ArrayExpress', 'tximport'
See section ‘The DESCRIPTION file’ in the ‘Writing R Extensions’
manual.
Flavor: r-oldrel-macos-arm64