CRAN Package Check Results for Package secret

Last updated on 2024-06-15 19:55:10 CEST.

Flavor Version Tinstall Tcheck Ttotal Status Flags
r-devel-linux-x86_64-debian-clang 1.1.0 2.24 35.12 37.36 NOTE
r-devel-linux-x86_64-debian-gcc 1.1.0 2.51 27.36 29.87 NOTE
r-devel-linux-x86_64-fedora-clang 1.1.0 48.19 NOTE
r-devel-linux-x86_64-fedora-gcc 1.1.0 59.19 NOTE
r-devel-windows-x86_64 1.1.0 4.00 51.00 55.00 NOTE
r-patched-linux-x86_64 1.1.0 3.98 34.33 38.31 NOTE
r-release-linux-x86_64 1.1.0 2.55 34.45 37.00 NOTE
r-release-macos-arm64 1.1.0 25.00 NOTE
r-release-macos-x86_64 1.1.0 37.00 NOTE
r-release-windows-x86_64 1.1.0 4.00 55.00 59.00 NOTE
r-oldrel-macos-arm64 1.1.0 26.00 NOTE
r-oldrel-macos-x86_64 1.1.0 51.00 NOTE
r-oldrel-windows-x86_64 1.1.0 5.00 56.00 61.00 NOTE

Check Details

Version: 1.1.0
Check: LazyData
Result: NOTE 'LazyData' is specified without a 'data' directory Flavors: r-devel-linux-x86_64-debian-clang, r-devel-linux-x86_64-debian-gcc, r-devel-linux-x86_64-fedora-clang, r-devel-linux-x86_64-fedora-gcc, r-devel-windows-x86_64, r-patched-linux-x86_64, r-release-linux-x86_64, r-release-macos-arm64, r-release-macos-x86_64, r-release-windows-x86_64, r-oldrel-macos-arm64, r-oldrel-macos-x86_64, r-oldrel-windows-x86_64