CRAN Package Check Results for Package secr

Last updated on 2021-06-21 01:49:35 CEST.

Flavor Version Tinstall Tcheck Ttotal Status Flags
r-devel-linux-x86_64-debian-clang 4.4.4 315.18 351.29 666.47 NOTE
r-devel-linux-x86_64-debian-gcc 4.4.4 234.25 266.75 501.00 NOTE
r-devel-linux-x86_64-fedora-clang 4.4.4 888.77 NOTE
r-devel-linux-x86_64-fedora-gcc 4.4.4 853.37 NOTE
r-devel-windows-x86_64 4.4.4 419.00 486.00 905.00 NOTE
r-devel-windows-x86_64-gcc10-UCRT 4.4.4 NOTE
r-patched-linux-x86_64 4.4.4 274.69 345.70 620.39 NOTE
r-patched-solaris-x86 4.4.4 929.40 NOTE
r-release-linux-x86_64 4.4.4 266.85 344.68 611.53 NOTE
r-release-macos-arm64 4.4.4 NOTE
r-release-macos-x86_64 4.4.4 NOTE
r-release-windows-ix86+x86_64 4.4.4 754.00 682.00 1436.00 NOTE
r-oldrel-macos-x86_64 4.4.4 NOTE

Check Details

Version: 4.4.4
Check: for GNU extensions in Makefiles
Result: NOTE
    GNU make is a SystemRequirements.
Flavors: r-devel-linux-x86_64-debian-clang, r-devel-linux-x86_64-debian-gcc, r-devel-linux-x86_64-fedora-clang, r-devel-linux-x86_64-fedora-gcc, r-devel-windows-x86_64, r-devel-windows-x86_64-gcc10-UCRT, r-patched-linux-x86_64, r-patched-solaris-x86, r-release-linux-x86_64, r-release-macos-arm64, r-release-macos-x86_64, r-release-windows-ix86+x86_64, r-oldrel-macos-x86_64

Version: 4.4.4
Check: installed package size
Result: NOTE
     installed size is 18.4Mb
     sub-directories of 1Mb or more:
     R 1.5Mb
     libs 15.3Mb
Flavors: r-devel-linux-x86_64-fedora-clang, r-release-macos-arm64, r-release-macos-x86_64, r-release-windows-ix86+x86_64, r-oldrel-macos-x86_64