CRAN Package Check Results for Package seasonalview

Last updated on 2021-06-20 13:49:12 CEST.

Flavor Version Tinstall Tcheck Ttotal Status Flags
r-devel-linux-x86_64-debian-clang 0.3 5.48 46.66 52.14 OK
r-devel-linux-x86_64-debian-gcc 0.3 4.62 36.96 41.58 OK
r-devel-linux-x86_64-fedora-clang 0.3 70.60 OK
r-devel-linux-x86_64-fedora-gcc 0.3 60.26 OK
r-devel-windows-x86_64 0.3 10.00 62.00 72.00 OK
r-devel-windows-x86_64-gcc10-UCRT 0.3 OK
r-patched-linux-x86_64 0.3 5.60 46.59 52.19 OK
r-patched-solaris-x86 0.3 4.80 ERROR
r-release-linux-x86_64 0.3 4.86 45.10 49.96 OK
r-release-macos-arm64 0.3 OK
r-release-macos-x86_64 0.3 OK
r-release-windows-ix86+x86_64 0.3 15.00 72.00 87.00 OK
r-oldrel-macos-x86_64 0.3 OK
r-oldrel-windows-ix86+x86_64 0.3 13.00 68.00 81.00 OK

Check Details

Version: 0.3
Check: package dependencies
Result: ERROR
    Package required but not available: ‘seasonal’
    
    See section ‘The DESCRIPTION file’ in the ‘Writing R Extensions’
    manual.
Flavor: r-patched-solaris-x86