CRAN Package Check Results for Package sdmpredictors

Last updated on 2021-06-23 22:54:30 CEST.

Flavor Version Tinstall Tcheck Ttotal Status Flags
r-devel-linux-x86_64-debian-clang 0.2.9 12.46 167.93 180.39 NOTE
r-devel-linux-x86_64-debian-gcc 0.2.9 9.57 133.67 143.24 NOTE
r-devel-linux-x86_64-fedora-clang 0.2.9 221.13 NOTE
r-devel-linux-x86_64-fedora-gcc 0.2.9 211.54 NOTE
r-devel-windows-x86_64 0.2.9 17.00 147.00 164.00 ERROR
r-devel-windows-x86_64-gcc10-UCRT 0.2.9 NOTE
r-patched-linux-x86_64 0.2.9 12.83 163.51 176.34 NOTE
r-patched-solaris-x86 0.2.9 323.80 NOTE
r-release-linux-x86_64 0.2.9 13.01 161.53 174.54 NOTE
r-release-macos-arm64 0.2.9 NOTE
r-release-macos-x86_64 0.2.9 NOTE
r-release-windows-ix86+x86_64 0.2.9 23.00 117.00 140.00 ERROR
r-oldrel-macos-x86_64 0.2.9 NOTE

Check Details

Version: 0.2.9
Check: LazyData
Result: NOTE
     'LazyData' is specified without a 'data' directory
Flavors: r-devel-linux-x86_64-debian-clang, r-devel-linux-x86_64-debian-gcc, r-devel-linux-x86_64-fedora-clang, r-devel-linux-x86_64-fedora-gcc, r-devel-windows-x86_64, r-devel-windows-x86_64-gcc10-UCRT, r-patched-linux-x86_64, r-patched-solaris-x86, r-release-linux-x86_64, r-release-macos-arm64, r-release-macos-x86_64, r-release-windows-ix86+x86_64

Version: 0.2.9
Check: dependencies in R code
Result: NOTE
    Namespace in Imports field not imported from: ‘RCurl’
     All declared Imports should be used.
Flavors: r-devel-linux-x86_64-fedora-clang, r-devel-linux-x86_64-fedora-gcc, r-devel-windows-x86_64-gcc10-UCRT, r-patched-solaris-x86, r-release-macos-arm64, r-release-macos-x86_64, r-oldrel-macos-x86_64

Version: 0.2.9
Check: tests
Result: ERROR
     Running 'testthat.R' [23s]
    Running the tests in 'tests/testthat.R' failed.
    Complete output:
     > library(testthat)
     > library(sdmpredictors)
     Loading required package: raster
     Loading required package: sp
     Loading required package: rgdal
     rgdal: version: 1.5-23, (SVN revision 1121)
     Geospatial Data Abstraction Library extensions to R successfully loaded
     Loaded GDAL runtime: GDAL 3.2.1, released 2020/12/29
     Path to GDAL shared files: D:/temp/Rtmpq0lGVx/RLIBS_7da430156319/rgdal/gdal
     GDAL binary built with GEOS: TRUE
     Loaded PROJ runtime: Rel. 7.2.1, January 1st, 2021, [PJ_VERSION: 721]
     Path to PROJ shared files: D:/temp/Rtmpq0lGVx/RLIBS_7da430156319/rgdal/proj
     PROJ CDN enabled: FALSE
     Linking to sp version:1.4-5
     To mute warnings of possible GDAL/OSR exportToProj4() degradation,
     use options("rgdal_show_exportToProj4_warnings"="none") before loading rgdal.
     Overwritten PROJ_LIB was D:/temp/Rtmpq0lGVx/RLIBS_7da430156319/rgdal/proj
     >
     > test_check("sdmpredictors")
     [1] "d:/Rcompile/CRANpkg/local/4.2/sdmpredictors.Rcheck/tests/testthat"
     == Skipped tests ===============================================================
     * On CRAN (17)
    
     == Failed tests ================================================================
     -- Failure (test_get_sysdata.R:42:3): sysdata gets downloaded ------------------
     file.exists(outfile) is not TRUE
    
     `actual`: FALSE
     `expected`: TRUE
     Backtrace:
     x
     1. \-sdmpredictors:::gets_downloaded(outfile) test_get_sysdata.R:42:2
     2. \-testthat::expect_true(file.exists(outfile)) test_get_sysdata.R:37:4
     -- Failure (test_get_sysdata.R:45:3): sysdata gets downloaded ------------------
     file.exists(outfile) is not TRUE
    
     `actual`: FALSE
     `expected`: TRUE
     Backtrace:
     x
     1. \-sdmpredictors:::gets_downloaded(outfile) test_get_sysdata.R:45:2
     2. \-testthat::expect_true(file.exists(outfile)) test_get_sysdata.R:37:4
    
     [ FAIL 2 | WARN 44 | SKIP 17 | PASS 91 ]
     Error: Test failures
     Execution halted
Flavor: r-devel-windows-x86_64

Version: 0.2.9
Check: re-building of vignette outputs
Result: WARN
    Error(s) in re-building vignettes:
    --- re-building 'quickstart.Rmd' using rmarkdown
    Loading required package: raster
    Loading required package: sp
    Loading required package: rgdal
    rgdal: version: 1.5-23, (SVN revision 1121)
    Geospatial Data Abstraction Library extensions to R successfully loaded
    Loaded GDAL runtime: GDAL 3.2.1, released 2020/12/29
    Path to GDAL shared files: D:/temp/Rtmpq0lGVx/RLIBS_7da4713c2642/rgdal/gdal
    GDAL binary built with GEOS: TRUE
    Loaded PROJ runtime: Rel. 7.2.1, January 1st, 2021, [PJ_VERSION: 721]
    Path to PROJ shared files: D:/temp/Rtmpq0lGVx/RLIBS_7da4713c2642/rgdal/proj
    PROJ CDN enabled: FALSE
    Linking to sp version:1.4-5
    To mute warnings of possible GDAL/OSR exportToProj4() degradation,
    use options("rgdal_show_exportToProj4_warnings"="none") before loading rgdal.
    Overwritten PROJ_LIB was D:/temp/Rtmpq0lGVx/RLIBS_7da4713c2642/rgdal/proj
    Warning in utils::download.file(url, tmp, quiet = TRUE) :
     URL 'https://www.lifewatch.be/sdmpredictors/sysdata.rda': status was 'SSL connect error'
    trying URL 'http://www.lifewatch.be/sdmpredictors/BO_ph_lonlat.tif'
    Content length 263 bytes
    ==================================================
    Quitting from lines 79-91 (quickstart.Rmd)
    Error: processing vignette 'quickstart.Rmd' failed with diagnostics:
    cannot open URL 'http://www.lifewatch.be/sdmpredictors/BO_ph_lonlat.tif'
    --- failed re-building 'quickstart.Rmd'
    
    SUMMARY: processing the following file failed:
     'quickstart.Rmd'
    
    Error: Vignette re-building failed.
    Execution halted
Flavor: r-devel-windows-x86_64

Version: 0.2.9
Check: tests
Result: ERROR
     Running 'testthat.R' [20s]
    Running the tests in 'tests/testthat.R' failed.
    Complete output:
     > library(testthat)
     > library(sdmpredictors)
     Loading required package: raster
     Loading required package: sp
     Loading required package: rgdal
     rgdal: version: 1.5-23, (SVN revision 1121)
     Geospatial Data Abstraction Library extensions to R successfully loaded
     Loaded GDAL runtime: GDAL 3.2.1, released 2020/12/29
     Path to GDAL shared files: D:/temp/RtmpUjw80w/RLIBS_9d5471877e59/rgdal/gdal
     GDAL binary built with GEOS: TRUE
     Loaded PROJ runtime: Rel. 7.2.1, January 1st, 2021, [PJ_VERSION: 721]
     Path to PROJ shared files: D:/temp/RtmpUjw80w/RLIBS_9d5471877e59/rgdal/proj
     PROJ CDN enabled: FALSE
     Linking to sp version:1.4-5
     To mute warnings of possible GDAL/OSR exportToProj4() degradation,
     use options("rgdal_show_exportToProj4_warnings"="none") before loading rgdal.
     Overwritten PROJ_LIB was D:/temp/RtmpUjw80w/RLIBS_9d5471877e59/rgdal/proj
     >
     > test_check("sdmpredictors")
     [1] "d:/Rcompile/CRANpkg/local/4.1/sdmpredictors.Rcheck/tests/testthat"
     == Skipped tests ===============================================================
     * On CRAN (17)
    
     == Failed tests ================================================================
     -- Failure (test_get_sysdata.R:42:3): sysdata gets downloaded ------------------
     file.exists(outfile) is not TRUE
    
     `actual`: FALSE
     `expected`: TRUE
     Backtrace:
     x
     1. \-sdmpredictors:::gets_downloaded(outfile) test_get_sysdata.R:42:2
     2. \-testthat::expect_true(file.exists(outfile)) test_get_sysdata.R:37:4
     -- Failure (test_get_sysdata.R:45:3): sysdata gets downloaded ------------------
     file.exists(outfile) is not TRUE
    
     `actual`: FALSE
     `expected`: TRUE
     Backtrace:
     x
     1. \-sdmpredictors:::gets_downloaded(outfile) test_get_sysdata.R:45:2
     2. \-testthat::expect_true(file.exists(outfile)) test_get_sysdata.R:37:4
    
     [ FAIL 2 | WARN 44 | SKIP 17 | PASS 91 ]
     Error: Test failures
     Execution halted
Flavor: r-release-windows-ix86+x86_64

Version: 0.2.9
Check: re-building of vignette outputs
Result: WARN
    Error(s) in re-building vignettes:
    --- re-building 'quickstart.Rmd' using rmarkdown
    Loading required package: raster
    Loading required package: sp
    Loading required package: rgdal
    rgdal: version: 1.5-23, (SVN revision 1121)
    Geospatial Data Abstraction Library extensions to R successfully loaded
    Loaded GDAL runtime: GDAL 3.2.1, released 2020/12/29
    Path to GDAL shared files: D:/temp/RtmpUjw80w/RLIBS_9d545752ed4/rgdal/gdal
    GDAL binary built with GEOS: TRUE
    Loaded PROJ runtime: Rel. 7.2.1, January 1st, 2021, [PJ_VERSION: 721]
    Path to PROJ shared files: D:/temp/RtmpUjw80w/RLIBS_9d545752ed4/rgdal/proj
    PROJ CDN enabled: FALSE
    Linking to sp version:1.4-5
    To mute warnings of possible GDAL/OSR exportToProj4() degradation,
    use options("rgdal_show_exportToProj4_warnings"="none") before loading rgdal.
    Overwritten PROJ_LIB was D:/temp/RtmpUjw80w/RLIBS_9d545752ed4/rgdal/proj
    Warning in utils::download.file(url, tmp, quiet = TRUE) :
     InternetOpenUrl failed: 'Die Serververbindung konnte nicht hergestellt werden.'
    trying URL 'http://www.lifewatch.be/sdmpredictors/BO_ph_lonlat.tif'
    Quitting from lines 79-91 (quickstart.Rmd)
    Error: processing vignette 'quickstart.Rmd' failed with diagnostics:
    cannot open URL 'http://www.lifewatch.be/sdmpredictors/BO_ph_lonlat.tif'
    --- failed re-building 'quickstart.Rmd'
    
    SUMMARY: processing the following file failed:
     'quickstart.Rmd'
    
    Error: Vignette re-building failed.
    Execution halted
Flavor: r-release-windows-ix86+x86_64