CRAN Package Check Results for Package sdcTable

Last updated on 2021-10-20 07:50:00 CEST.

Flavor Version Tinstall Tcheck Ttotal Status Flags
r-devel-linux-x86_64-debian-clang 0.32.1 77.90 126.05 203.95 OK
r-devel-linux-x86_64-debian-gcc 0.32.1 64.33 86.56 150.89 OK
r-devel-linux-x86_64-fedora-clang 0.32.1 276.92 NOTE
r-devel-linux-x86_64-fedora-gcc 0.32.1 248.57 NOTE
r-devel-windows-x86_64 0.32.1 110.00 126.00 236.00 OK
r-devel-windows-x86_64-gcc10-UCRT 0.32.1 NOTE
r-patched-linux-x86_64 0.32.1 74.94 111.96 186.90 OK
r-patched-solaris-x86 0.32.1 250.90 NOTE
r-release-linux-x86_64 0.32.1 68.67 112.29 180.96 OK
r-release-macos-arm64 0.32.1 NOTE
r-release-macos-x86_64 0.32.1 NOTE
r-release-windows-ix86+x86_64 0.32.1 160.00 187.00 347.00 NOTE
r-oldrel-macos-x86_64 0.32.1 NOTE
r-oldrel-windows-ix86+x86_64 0.32.1 179.00 193.00 372.00 NOTE

Check Details

Version: 0.32.1
Check: installed package size
Result: NOTE
     installed size is 5.5Mb
     sub-directories of 1Mb or more:
     R 1.3Mb
     libs 3.8Mb
Flavors: r-devel-linux-x86_64-fedora-clang, r-release-macos-arm64, r-release-macos-x86_64, r-release-windows-ix86+x86_64, r-oldrel-macos-x86_64, r-oldrel-windows-ix86+x86_64

Version: 0.32.1
Check: dependencies in R code
Result: NOTE
    Namespace in Imports field not imported from: 'lpSolveAPI'
     All declared Imports should be used.
Flavors: r-devel-linux-x86_64-fedora-clang, r-devel-linux-x86_64-fedora-gcc, r-devel-windows-x86_64-gcc10-UCRT, r-patched-solaris-x86, r-release-macos-arm64, r-release-macos-x86_64, r-oldrel-macos-x86_64

Version: 0.32.1
Check: Rd cross-references
Result: NOTE
    Undeclared package ‘RegSDC’ in Rd xrefs
Flavor: r-devel-linux-x86_64-fedora-clang