CRAN Package Check Results for Package sdafilter

Last updated on 2022-12-04 06:49:29 CET.

Flavor Version Tinstall Tcheck Ttotal Status Flags
r-devel-linux-x86_64-debian-clang 1.0.0 1.51 36.47 37.98 NOTE
r-devel-linux-x86_64-debian-gcc 1.0.0 1.80 27.98 29.78 NOTE
r-devel-linux-x86_64-fedora-clang 1.0.0 58.20 NOTE
r-devel-linux-x86_64-fedora-gcc 1.0.0 55.56 NOTE
r-devel-windows-x86_64 1.0.0 10.00 62.00 72.00 NOTE
r-patched-linux-x86_64 1.0.0 1.77 34.98 36.75 NOTE
r-release-linux-x86_64 1.0.0 1.97 34.86 36.83 NOTE
r-release-macos-arm64 1.0.0 19.00 NOTE
r-release-macos-x86_64 1.0.0 24.00 NOTE
r-release-windows-x86_64 1.0.0 5.00 67.00 72.00 NOTE
r-oldrel-macos-arm64 1.0.0 22.00 NOTE
r-oldrel-macos-x86_64 1.0.0 29.00 NOTE
r-oldrel-windows-ix86+x86_64 1.0.0 5.00 59.00 64.00 NOTE

Check Details

Version: 1.0.0
Check: LazyData
Result: NOTE
     'LazyData' is specified without a 'data' directory
Flavors: r-devel-linux-x86_64-debian-clang, r-devel-linux-x86_64-debian-gcc, r-devel-linux-x86_64-fedora-clang, r-devel-linux-x86_64-fedora-gcc, r-devel-windows-x86_64, r-patched-linux-x86_64, r-release-linux-x86_64, r-release-macos-arm64, r-release-macos-x86_64, r-release-windows-x86_64, r-oldrel-macos-arm64, r-oldrel-macos-x86_64, r-oldrel-windows-ix86+x86_64