CRAN Package Check Results for Package sdStaf

Last updated on 2021-06-20 13:49:12 CEST.

Flavor Version Tinstall Tcheck Ttotal Status Flags
r-devel-linux-x86_64-debian-clang 1.0.2 25.25 273.25 298.50 OK
r-devel-linux-x86_64-debian-gcc 1.0.2 23.04 201.22 224.26 OK
r-devel-linux-x86_64-fedora-clang 1.0.2 362.45 NOTE
r-devel-linux-x86_64-fedora-gcc 1.0.2 358.79 NOTE
r-devel-windows-x86_64 1.0.2 43.00 290.00 333.00 OK
r-devel-windows-x86_64-gcc10-UCRT 1.0.2 NOTE
r-patched-linux-x86_64 1.0.2 28.45 255.91 284.36 OK
r-patched-solaris-x86 1.0.2 471.50 NOTE
r-release-linux-x86_64 1.0.2 24.15 258.43 282.58 OK
r-release-macos-arm64 1.0.2 NOTE
r-release-macos-x86_64 1.0.2 NOTE
r-release-windows-ix86+x86_64 1.0.2 65.00 294.00 359.00 OK
r-oldrel-macos-x86_64 1.0.2 NOTE
r-oldrel-windows-ix86+x86_64 1.0.2 46.00 300.00 346.00 OK

Check Details

Version: 1.0.2
Check: dependencies in R code
Result: NOTE
    Namespaces in Imports field not imported from:
     ‘rgdal’ ‘rgeos’ ‘tidyr’
     All declared Imports should be used.
Flavors: r-devel-linux-x86_64-fedora-clang, r-devel-linux-x86_64-fedora-gcc, r-devel-windows-x86_64-gcc10-UCRT, r-patched-solaris-x86, r-release-macos-arm64, r-release-macos-x86_64, r-oldrel-macos-x86_64