Last updated on 2023-01-29 12:55:41 CET.
Flavor | Version | Tinstall | Tcheck | Ttotal | Status | Flags |
---|---|---|---|---|---|---|
r-devel-linux-x86_64-debian-clang | 1.0.2 | 34.17 | 345.41 | 379.58 | OK | |
r-devel-linux-x86_64-debian-gcc | 1.0.2 | 30.97 | 248.93 | 279.90 | OK | |
r-devel-linux-x86_64-fedora-clang | 1.0.2 | 466.64 | NOTE | |||
r-devel-linux-x86_64-fedora-gcc | 1.0.2 | 472.93 | NOTE | |||
r-devel-windows-x86_64 | 1.0.2 | 41.00 | 343.00 | 384.00 | OK | |
r-patched-linux-x86_64 | 1.0.2 | 30.67 | 324.82 | 355.49 | OK | |
r-release-linux-x86_64 | 1.0.2 | 26.70 | 318.15 | 344.85 | OK | |
r-release-macos-arm64 | 1.0.2 | 89.00 | NOTE | |||
r-release-macos-x86_64 | 1.0.2 | 161.00 | NOTE | |||
r-release-windows-x86_64 | 1.0.2 | 35.00 | 322.00 | 357.00 | OK | |
r-oldrel-macos-arm64 | 1.0.2 | 105.00 | NOTE | |||
r-oldrel-macos-x86_64 | 1.0.2 | 163.00 | NOTE | |||
r-oldrel-windows-ix86+x86_64 | 1.0.2 | 78.00 | 328.00 | 406.00 | OK |
Version: 1.0.2
Check: dependencies in R code
Result: NOTE
Namespaces in Imports field not imported from:
‘rgdal’ ‘rgeos’ ‘tidyr’
All declared Imports should be used.
Flavors: r-devel-linux-x86_64-fedora-clang, r-devel-linux-x86_64-fedora-gcc, r-release-macos-arm64, r-release-macos-x86_64, r-oldrel-macos-arm64, r-oldrel-macos-x86_64