CRAN Package Check Results for Package sctransform

Last updated on 2022-10-05 06:51:33 CEST.

Flavor Version Tinstall Tcheck Ttotal Status Flags
r-devel-linux-x86_64-debian-clang 0.3.5 48.00 130.97 178.97 NOTE
r-devel-linux-x86_64-debian-gcc 0.3.5 39.82 95.63 135.45 NOTE
r-devel-linux-x86_64-fedora-clang 0.3.5 257.91 NOTE
r-devel-linux-x86_64-fedora-gcc 0.3.5 233.49 NOTE
r-devel-windows-x86_64 0.3.5 71.00 182.00 253.00 OK
r-patched-linux-x86_64 0.3.5 43.68 117.54 161.22 NOTE
r-release-linux-x86_64 0.3.5 43.90 117.66 161.56 NOTE
r-release-macos-arm64 0.3.5 65.00 NOTE
r-release-macos-x86_64 0.3.5 86.00 NOTE
r-release-windows-x86_64 0.3.5 75.00 168.00 243.00 OK
r-oldrel-macos-arm64 0.3.5 60.00 NOTE
r-oldrel-macos-x86_64 0.3.5 87.00 NOTE
r-oldrel-windows-ix86+x86_64 0.3.5 120.00 203.00 323.00 OK

Check Details

Version: 0.3.5
Check: package dependencies
Result: NOTE
    Package which this enhances but not available for checking: 'glmGamPoi'
Flavors: r-devel-linux-x86_64-debian-clang, r-devel-linux-x86_64-debian-gcc, r-devel-linux-x86_64-fedora-clang, r-devel-linux-x86_64-fedora-gcc, r-patched-linux-x86_64, r-release-linux-x86_64, r-release-macos-arm64, r-release-macos-x86_64, r-oldrel-macos-arm64, r-oldrel-macos-x86_64