CRAN Package Check Results for Package scrollrevealR

Last updated on 2024-06-13 12:49:59 CEST.

Flavor Version Tinstall Tcheck Ttotal Status Flags
r-devel-linux-x86_64-debian-clang 0.2.0 2.13 25.28 27.41 NOTE
r-devel-linux-x86_64-debian-gcc 0.2.0 1.58 19.53 21.11 NOTE
r-devel-linux-x86_64-fedora-clang 0.2.0 35.75 NOTE
r-devel-linux-x86_64-fedora-gcc 0.2.0 47.19 NOTE
r-devel-windows-x86_64 0.2.0 3.00 42.00 45.00 NOTE
r-patched-linux-x86_64 0.2.0 2.13 24.50 26.63 NOTE
r-release-linux-x86_64 0.2.0 1.83 23.81 25.64 NOTE
r-release-macos-arm64 0.2.0 21.00 NOTE
r-release-macos-x86_64 0.2.0 33.00 NOTE
r-release-windows-x86_64 0.2.0 3.00 42.00 45.00 NOTE
r-oldrel-macos-arm64 0.2.0 23.00 NOTE
r-oldrel-macos-x86_64 0.2.0 30.00 NOTE
r-oldrel-windows-x86_64 0.2.0 3.00 41.00 44.00 NOTE

Check Details

Version: 0.2.0
Check: LazyData
Result: NOTE 'LazyData' is specified without a 'data' directory Flavors: r-devel-linux-x86_64-debian-clang, r-devel-linux-x86_64-debian-gcc, r-devel-linux-x86_64-fedora-clang, r-devel-linux-x86_64-fedora-gcc, r-devel-windows-x86_64, r-patched-linux-x86_64, r-release-linux-x86_64, r-release-macos-arm64, r-release-macos-x86_64, r-release-windows-x86_64, r-oldrel-macos-arm64, r-oldrel-macos-x86_64, r-oldrel-windows-x86_64