CRAN Package Check Results for Package scrappy

Last updated on 2021-11-26 19:53:04 CET.

Flavor Version Tinstall Tcheck Ttotal Status Flags
r-devel-linux-x86_64-debian-clang 0.0.1 1.94 20.19 22.13 NOTE
r-devel-linux-x86_64-debian-gcc 0.0.1 1.63 16.57 18.20 NOTE
r-devel-linux-x86_64-fedora-clang 0.0.1 38.02 NOTE
r-devel-linux-x86_64-fedora-gcc 0.0.1 27.40 NOTE
r-devel-windows-x86_64-new-UL 0.0.1 6.00 59.00 65.00 NOTE
r-devel-windows-x86_64-new-TK 0.0.1 NOTE
r-devel-windows-x86_64-old 0.0.1 3.00 38.00 41.00 NOTE
r-patched-linux-x86_64 0.0.1 1.89 19.49 21.38 NOTE
r-patched-solaris-x86 0.0.1 43.50 NOTE
r-release-linux-x86_64 0.0.1 NOTE
r-release-macos-arm64 0.0.1 NOTE
r-release-macos-x86_64 0.0.1 NOTE
r-release-windows-ix86+x86_64 0.0.1 6.00 27.00 33.00 NOTE
r-oldrel-macos-x86_64 0.0.1 OK
r-oldrel-windows-ix86+x86_64 0.0.1 5.00 38.00 43.00 OK

Check Details

Version: 0.0.1
Check: LazyData
Result: NOTE
     'LazyData' is specified without a 'data' directory
Flavors: r-devel-linux-x86_64-debian-clang, r-devel-linux-x86_64-debian-gcc, r-devel-linux-x86_64-fedora-clang, r-devel-linux-x86_64-fedora-gcc, r-devel-windows-x86_64-new-UL, r-devel-windows-x86_64-new-TK, r-devel-windows-x86_64-old, r-patched-linux-x86_64, r-patched-solaris-x86, r-release-linux-x86_64, r-release-macos-arm64, r-release-macos-x86_64, r-release-windows-ix86+x86_64