CRAN Package Check Results for Package scholar

Last updated on 2021-07-26 01:50:32 CEST.

Flavor Version Tinstall Tcheck Ttotal Status Flags
r-devel-linux-x86_64-debian-clang 0.2.2 11.62 66.52 78.14 OK
r-devel-linux-x86_64-debian-gcc 0.2.2 10.93 50.46 61.39 OK
r-devel-linux-x86_64-fedora-clang 0.2.2 102.91 OK
r-devel-windows-x86_64 0.2.2 19.00 97.00 116.00 OK
r-devel-windows-x86_64-gcc10-UCRT 0.2.2 OK
r-patched-linux-x86_64 0.2.2 17.58 62.04 79.62 OK
r-patched-solaris-x86 0.2.2 135.60 OK
r-release-linux-x86_64 0.2.2 11.60 61.92 73.52 OK
r-release-macos-arm64 0.2.2 WARN
r-release-macos-x86_64 0.2.2 OK
r-release-windows-ix86+x86_64 0.2.2 24.00 100.00 124.00 OK
r-oldrel-macos-x86_64 0.2.2 OK
r-oldrel-windows-ix86+x86_64 0.2.2 27.00 98.00 125.00 OK

Check Details

Version: 0.2.2
Check: re-building of vignette outputs
Result: WARN
    Error(s) in re-building vignettes:
     ...
    --- re-building ‘scholar.Rmd’ using rmarkdown
    Warning in engine$weave(file, quiet = quiet, encoding = enc) :
     Pandoc (>= 1.12.3) not available. Falling back to R Markdown v1.
    Quitting from lines 70-76 (scholar.Rmd)
    Error: processing vignette 'scholar.Rmd' failed with diagnostics:
    polygon edge not found
    --- failed re-building ‘scholar.Rmd’
    
    SUMMARY: processing the following file failed:
     ‘scholar.Rmd’
    
    Error: Vignette re-building failed.
    Execution halted
Flavor: r-release-macos-arm64