CRAN Package Check Results for Package scatr

Last updated on 2024-02-27 21:48:38 CET.

Flavor Version Tinstall Tcheck Ttotal Status Flags
r-devel-linux-x86_64-debian-clang 1.0.1 4.77 25.32 30.09 NOTE
r-devel-linux-x86_64-debian-gcc 1.0.1 4.61 19.59 24.20 NOTE
r-devel-linux-x86_64-fedora-clang 1.0.1 39.33 NOTE
r-devel-linux-x86_64-fedora-gcc 1.0.1 36.95 NOTE
r-devel-windows-x86_64 1.0.1 5.00 40.00 45.00 NOTE
r-patched-linux-x86_64 1.0.1 3.44 24.66 28.10 NOTE
r-release-linux-x86_64 1.0.1 3.41 25.47 28.88 NOTE
r-release-macos-arm64 1.0.1 17.00 NOTE
r-release-macos-x86_64 1.0.1 23.00 NOTE
r-release-windows-x86_64 1.0.1 8.00 42.00 50.00 NOTE
r-oldrel-macos-arm64 1.0.1 17.00 NOTE
r-oldrel-windows-x86_64 1.0.1 8.00 47.00 55.00 NOTE

Check Details

Version: 1.0.1
Check: LazyData
Result: NOTE 'LazyData' is specified without a 'data' directory Flavors: r-devel-linux-x86_64-debian-clang, r-devel-linux-x86_64-debian-gcc, r-devel-linux-x86_64-fedora-clang, r-devel-linux-x86_64-fedora-gcc, r-devel-windows-x86_64, r-patched-linux-x86_64, r-release-linux-x86_64, r-release-macos-arm64, r-release-macos-x86_64, r-release-windows-x86_64, r-oldrel-macos-arm64, r-oldrel-windows-x86_64

Version: 1.0.1
Check: dependencies in R code
Result: NOTE Namespaces in Imports field not imported from: ‘R6’ ‘cowplot’ ‘ggplot2’ ‘ggridges’ ‘ggstance’ ‘jmvcore’ All declared Imports should be used. Flavors: r-devel-linux-x86_64-fedora-clang, r-devel-linux-x86_64-fedora-gcc, r-oldrel-macos-arm64