CRAN Package Check Results for Package scam

Last updated on 2021-09-20 19:53:09 CEST.

Flavor Version Tinstall Tcheck Ttotal Status Flags
r-devel-linux-x86_64-debian-clang 1.2-12 23.92 147.61 171.53 OK
r-devel-linux-x86_64-debian-gcc 1.2-12 20.63 107.44 128.07 OK
r-devel-linux-x86_64-fedora-clang 1.2-12 209.40 OK
r-devel-linux-x86_64-fedora-gcc 1.2-12 199.13 OK
r-devel-windows-x86_64 1.2-12 28.00 129.00 157.00 OK
r-devel-windows-x86_64-gcc10-UCRT 1.2-12 ERROR
r-patched-linux-x86_64 1.2-12 26.27 139.77 166.04 OK
r-patched-solaris-x86 1.2-12 244.80 OK
r-release-linux-x86_64 1.2-12 23.73 138.47 162.20 OK
r-release-macos-arm64 1.2-12 OK
r-release-macos-x86_64 1.2-12 OK
r-release-windows-ix86+x86_64 1.2-12 45.00 153.00 198.00 OK
r-oldrel-macos-x86_64 1.2-12 OK
r-oldrel-windows-ix86+x86_64 1.2-12 42.00 141.00 183.00 OK

Check Details

Version: 1.2-12
Check: whether package can be installed
Result: ERROR
    Installation failed.
Flavor: r-devel-windows-x86_64-gcc10-UCRT