CRAN Package Check Results for Package scISR

Last updated on 2023-06-02 22:01:24 CEST.

Flavor Version Tinstall Tcheck Ttotal Status Flags
r-devel-linux-x86_64-debian-clang 0.1.1 11.00 79.86 90.86 OK
r-devel-linux-x86_64-debian-gcc 0.1.1 5.61 60.70 66.31 OK
r-devel-linux-x86_64-fedora-clang 0.1.1 116.13 NOTE
r-devel-linux-x86_64-fedora-gcc 0.1.1 124.15 NOTE
r-devel-windows-x86_64 0.1.1 10.00 75.00 85.00 OK
r-patched-linux-x86_64 0.1.1 OK
r-release-linux-x86_64 0.1.1 10.08 76.22 86.30 OK
r-release-macos-arm64 0.1.1 45.00 OK
r-release-macos-x86_64 0.1.1 70.00 OK
r-release-windows-x86_64 0.1.1 12.00 88.00 100.00 OK
r-oldrel-macos-arm64 0.1.1 36.00 NOTE
r-oldrel-macos-x86_64 0.1.1 48.00 NOTE
r-oldrel-windows-x86_64 0.1.1 12.00 87.00 99.00 OK

Check Details

Version: 0.1.1
Check: dependencies in R code
Result: NOTE
    Namespace in Imports field not imported from: ‘markdown’
     All declared Imports should be used.
Flavors: r-devel-linux-x86_64-fedora-clang, r-devel-linux-x86_64-fedora-gcc, r-oldrel-macos-arm64, r-oldrel-macos-x86_64