CRAN Package Check Results for Package sbw

Last updated on 2022-10-05 00:52:53 CEST.

Flavor Version Tinstall Tcheck Ttotal Status Flags
r-devel-linux-x86_64-debian-clang 1.1.5 11.81 81.38 93.19 NOTE
r-devel-linux-x86_64-debian-gcc 1.1.5 9.01 62.11 71.12 NOTE
r-devel-linux-x86_64-fedora-clang 1.1.5 132.53 NOTE
r-devel-linux-x86_64-fedora-gcc 1.1.5 131.07 NOTE
r-devel-windows-x86_64 1.1.5 14.00 101.00 115.00 NOTE
r-patched-linux-x86_64 1.1.5 9.58 78.89 88.47 NOTE
r-release-linux-x86_64 1.1.5 8.58 76.89 85.47 NOTE
r-release-macos-arm64 1.1.5 35.00 NOTE
r-release-macos-x86_64 1.1.5 47.00 NOTE
r-release-windows-x86_64 1.1.5 18.00 105.00 123.00 NOTE
r-oldrel-macos-arm64 1.1.5 37.00 NOTE
r-oldrel-macos-x86_64 1.1.5 45.00 NOTE
r-oldrel-windows-ix86+x86_64 1.1.5 21.00 102.00 123.00 NOTE

Check Details

Version: 1.1.5
Check: package dependencies
Result: NOTE
    Packages which this enhances but not available for checking:
     'gurobi', 'pogs'
Flavors: r-devel-linux-x86_64-debian-clang, r-devel-linux-x86_64-debian-gcc, r-patched-linux-x86_64, r-release-linux-x86_64

Version: 1.1.5
Check: package dependencies
Result: NOTE
    Packages which this enhances but not available for checking:
     'gurobi', 'Rcplex', 'pogs'
Flavors: r-devel-linux-x86_64-fedora-clang, r-devel-linux-x86_64-fedora-gcc, r-devel-windows-x86_64, r-release-macos-arm64, r-release-macos-x86_64, r-release-windows-x86_64, r-oldrel-macos-arm64, r-oldrel-macos-x86_64, r-oldrel-windows-ix86+x86_64