CRAN Package Check Results for Package sbmSDP

Last updated on 2022-09-30 12:55:21 CEST.

Flavor Version Tinstall Tcheck Ttotal Status Flags
r-devel-linux-x86_64-debian-clang 0.2 28.22 33.57 61.79 OK
r-devel-linux-x86_64-debian-gcc 0.2 23.68 26.37 50.05 OK
r-devel-linux-x86_64-fedora-clang 0.2 105.34 NOTE
r-devel-linux-x86_64-fedora-gcc 0.2 95.50 NOTE
r-devel-windows-x86_64 0.2 30.00 79.00 109.00 OK
r-patched-linux-x86_64 0.2 33.15 34.14 67.29 OK
r-release-linux-x86_64 0.2 33.81 33.67 67.48 OK
r-release-macos-arm64 0.2 28.00 OK
r-release-macos-x86_64 0.2 36.00 OK
r-release-windows-x86_64 0.2 35.00 86.00 121.00 OK
r-oldrel-macos-arm64 0.2 30.00 OK
r-oldrel-macos-x86_64 0.2 52.00 OK
r-oldrel-windows-ix86+x86_64 0.2 85.00 89.00 174.00 OK

Check Details

Version: 0.2
Check: compiled code
Result: NOTE
    File ‘sbmSDP/libs/sbmSDP.so’:
     Found no calls to: ‘R_registerRoutines’, ‘R_useDynamicSymbols’
    
    It is good practice to register native routines and to disable symbol
    search.
    
    See ‘Writing portable packages’ in the ‘Writing R Extensions’ manual.
Flavors: r-devel-linux-x86_64-fedora-clang, r-devel-linux-x86_64-fedora-gcc