CRAN Package Check Results for Package sazedR

Last updated on 2021-10-18 13:54:11 CEST.

Flavor Version Tinstall Tcheck Ttotal Status Flags
r-devel-linux-x86_64-debian-clang 2.0.2 4.28 43.29 47.57 NOTE
r-devel-linux-x86_64-debian-gcc 2.0.2 3.56 33.72 37.28 NOTE
r-devel-linux-x86_64-fedora-clang 2.0.2 68.38 NOTE
r-devel-linux-x86_64-fedora-gcc 2.0.2 55.29 NOTE
r-devel-windows-x86_64 2.0.2 8.00 54.00 62.00 NOTE
r-devel-windows-x86_64-gcc10-UCRT 2.0.2 NOTE
r-patched-linux-x86_64 2.0.2 3.76 40.85 44.61 NOTE
r-patched-solaris-x86 2.0.2 83.40 NOTE
r-release-linux-x86_64 2.0.2 4.18 40.00 44.18 NOTE
r-release-macos-arm64 2.0.2 NOTE
r-release-macos-x86_64 2.0.2 NOTE
r-release-windows-ix86+x86_64 2.0.2 12.00 60.00 72.00 NOTE
r-oldrel-macos-x86_64 2.0.2 OK
r-oldrel-windows-ix86+x86_64 2.0.2 12.00 60.00 72.00 OK

Check Details

Version: 2.0.2
Check: LazyData
Result: NOTE
     'LazyData' is specified without a 'data' directory
Flavors: r-devel-linux-x86_64-debian-clang, r-devel-linux-x86_64-debian-gcc, r-devel-linux-x86_64-fedora-clang, r-devel-linux-x86_64-fedora-gcc, r-devel-windows-x86_64, r-devel-windows-x86_64-gcc10-UCRT, r-patched-linux-x86_64, r-patched-solaris-x86, r-release-linux-x86_64, r-release-macos-arm64, r-release-macos-x86_64, r-release-windows-ix86+x86_64