CRAN Package Check Results for Package sass

Last updated on 2022-01-22 14:00:23 CET.

Flavor Version Tinstall Tcheck Ttotal Status Flags
r-devel-linux-x86_64-debian-clang 0.4.0 209.08 52.95 262.03 NOTE
r-devel-linux-x86_64-debian-gcc 0.4.0 144.25 41.93 186.18 NOTE
r-devel-linux-x86_64-fedora-clang 0.4.0 468.06 NOTE
r-devel-linux-x86_64-fedora-gcc 0.4.0 340.72 NOTE
r-devel-windows-x86_64-new-UL 0.4.0 369.00 137.00 506.00 NOTE
r-devel-windows-x86_64-new-TK NOTE
r-patched-linux-x86_64 0.4.0 179.27 52.88 232.15 NOTE
r-release-linux-x86_64 0.4.0 182.57 52.09 234.66 NOTE
r-release-macos-arm64 0.4.0 NOTE
r-release-macos-x86_64 0.4.0 NOTE
r-release-windows-ix86+x86_64 0.4.0 580.00 129.00 709.00 NOTE
r-oldrel-macos-x86_64 0.4.0 NOTE
r-oldrel-windows-ix86+x86_64 0.4.0 582.00 123.00 705.00 NOTE

Check Details

Version: 0.4.0
Check: for GNU extensions in Makefiles
Result: NOTE
    GNU make is a SystemRequirements.
Flavors: r-devel-linux-x86_64-debian-clang, r-devel-linux-x86_64-debian-gcc, r-devel-linux-x86_64-fedora-clang, r-devel-linux-x86_64-fedora-gcc, r-devel-windows-x86_64-new-UL, r-devel-windows-x86_64-new-TK, r-patched-linux-x86_64, r-release-linux-x86_64, r-release-macos-arm64, r-release-macos-x86_64, r-release-windows-ix86+x86_64, r-oldrel-macos-x86_64, r-oldrel-windows-ix86+x86_64

Version: 0.4.0
Check: installed package size
Result: NOTE
     installed size is 5.4Mb
     sub-directories of 1Mb or more:
     doc 1.7Mb
     libs 3.2Mb
Flavors: r-devel-linux-x86_64-fedora-clang, r-devel-windows-x86_64-new-UL, r-release-macos-arm64, r-release-macos-x86_64, r-release-windows-ix86+x86_64, r-oldrel-macos-x86_64, r-oldrel-windows-ix86+x86_64