CRAN Package Check Results for Package sarp.snowprofile.alignment

Last updated on 2021-06-21 19:49:04 CEST.

Flavor Version Tinstall Tcheck Ttotal Status Flags
r-devel-linux-x86_64-debian-clang 1.0.2 6.37 161.26 167.63 OK
r-devel-linux-x86_64-debian-gcc 1.0.2 5.04 119.90 124.94 OK
r-devel-linux-x86_64-fedora-clang 1.0.2 203.33 OK
r-devel-linux-x86_64-fedora-gcc 1.0.2 191.38 OK
r-devel-windows-x86_64 1.0.2 10.00 206.00 216.00 OK
r-devel-windows-x86_64-gcc10-UCRT 1.0.2 NOTE
r-patched-linux-x86_64 1.0.2 11.10 150.93 162.03 OK
r-patched-solaris-x86 1.0.2 277.70 OK
r-release-linux-x86_64 1.0.2 5.99 152.29 158.28 OK
r-release-macos-arm64 1.0.2 OK
r-release-macos-x86_64 1.0.2 OK
r-release-windows-ix86+x86_64 1.0.2 15.00 200.00 215.00 OK
r-oldrel-macos-x86_64 1.0.2 OK

Check Details

Version: 1.0.2
Check: package dependencies
Result: NOTE
    Package suggested but not available for checking: 'smacof'
Flavor: r-devel-windows-x86_64-gcc10-UCRT