CRAN Package Check Results for Package saqgetr

Last updated on 2022-10-02 18:51:00 CEST.

Flavor Version Tinstall Tcheck Ttotal Status Flags
r-devel-linux-x86_64-debian-clang 0.2.21 5.43 52.46 57.89 NOTE
r-devel-linux-x86_64-debian-gcc 0.2.21 3.44 39.57 43.01 NOTE
r-devel-linux-x86_64-fedora-clang 0.2.21 81.72 NOTE
r-devel-linux-x86_64-fedora-gcc 0.2.21 79.24 NOTE
r-devel-windows-x86_64 0.2.21 13.00 84.00 97.00 NOTE
r-patched-linux-x86_64 0.2.21 3.29 49.29 52.58 NOTE
r-release-linux-x86_64 0.2.21 3.12 48.76 51.88 NOTE
r-release-macos-arm64 0.2.21 63.00 NOTE
r-release-macos-x86_64 0.2.21 47.00 NOTE
r-release-windows-x86_64 0.2.21 14.00 79.00 93.00 NOTE
r-oldrel-macos-arm64 0.2.21 33.00 NOTE
r-oldrel-macos-x86_64 0.2.21 43.00 NOTE
r-oldrel-windows-ix86+x86_64 0.2.21 13.00 72.00 85.00 NOTE

Check Details

Version: 0.2.21
Check: LazyData
Result: NOTE
     'LazyData' is specified without a 'data' directory
Flavors: r-devel-linux-x86_64-debian-clang, r-devel-linux-x86_64-debian-gcc, r-devel-linux-x86_64-fedora-clang, r-devel-linux-x86_64-fedora-gcc, r-devel-windows-x86_64, r-patched-linux-x86_64, r-release-linux-x86_64, r-release-macos-arm64, r-release-macos-x86_64, r-release-windows-x86_64, r-oldrel-macos-arm64, r-oldrel-macos-x86_64, r-oldrel-windows-ix86+x86_64