CRAN Package Check Results for Package sankeywheel

Last updated on 2021-06-21 19:49:04 CEST.

Flavor Version Tinstall Tcheck Ttotal Status Flags
r-devel-linux-x86_64-debian-clang 0.1.0 2.40 26.80 29.20 OK
r-devel-linux-x86_64-debian-gcc 0.1.0 1.99 21.91 23.90 OK
r-devel-linux-x86_64-fedora-clang 0.1.0 44.71 OK
r-devel-linux-x86_64-fedora-gcc 0.1.0 34.64 OK
r-devel-windows-x86_64 0.1.0 4.00 44.00 48.00 OK
r-devel-windows-x86_64-gcc10-UCRT 0.1.0 OK
r-patched-linux-x86_64 0.1.0 2.56 26.78 29.34 OK
r-patched-solaris-x86 0.1.0 55.00 WARN
r-release-linux-x86_64 0.1.0 2.41 26.67 29.08 OK
r-release-macos-arm64 0.1.0 WARN
r-release-macos-x86_64 0.1.0 WARN
r-release-windows-ix86+x86_64 0.1.0 5.00 49.00 54.00 OK
r-oldrel-macos-x86_64 0.1.0 WARN

Check Details

Version: 0.1.0
Check: re-building of vignette outputs
Result: WARN
    Error(s) in re-building vignettes:
     ...
    --- re-building ‘sankeywheel.Rmd’ using rmarkdown
    Warning in engine$weave(file, quiet = quiet, encoding = enc) :
     Pandoc (>= 1.12.3) not available. Falling back to R Markdown v1.
    Quitting from lines 43-44 (sankeywheel.Rmd)
    Error: processing vignette 'sankeywheel.Rmd' failed with diagnostics:
    invalid 'path' argument
    --- failed re-building ‘sankeywheel.Rmd’
    
    SUMMARY: processing the following file failed:
     ‘sankeywheel.Rmd’
    
    Error: Vignette re-building failed.
    Execution halted
Flavors: r-patched-solaris-x86, r-release-macos-arm64, r-release-macos-x86_64

Version: 0.1.0
Check: re-building of vignette outputs
Result: WARN
    Error(s) in re-building vignettes:
     ...
    --- re-building ‘sankeywheel.Rmd’ using rmarkdown
    Warning in engine$weave(file, quiet = quiet, encoding = enc) :
     Pandoc (>= 1.12.3) and/or pandoc-citeproc not available. Falling back to R Markdown v1.
    Quitting from lines 43-44 (sankeywheel.Rmd)
    Error: processing vignette 'sankeywheel.Rmd' failed with diagnostics:
    cannot open the connection
    --- failed re-building ‘sankeywheel.Rmd’
    
    SUMMARY: processing the following file failed:
     ‘sankeywheel.Rmd’
    
    Error: Vignette re-building failed.
    Execution halted
Flavor: r-oldrel-macos-x86_64