CRAN Package Check Results for Package salty

Last updated on 2024-06-20 18:48:21 CEST.

Flavor Version Tinstall Tcheck Ttotal Status Flags
r-devel-linux-x86_64-debian-clang 0.1.0 2.11 48.99 51.10 NOTE
r-devel-linux-x86_64-debian-gcc 0.1.0 2.36 36.33 38.69 NOTE
r-devel-linux-x86_64-fedora-clang 0.1.0 64.73 NOTE
r-devel-linux-x86_64-fedora-gcc 0.1.0 62.78 NOTE
r-devel-windows-x86_64 0.1.0 4.00 58.00 62.00 NOTE
r-patched-linux-x86_64 0.1.0 3.03 47.64 50.67 NOTE
r-release-linux-x86_64 0.1.0 2.30 48.57 50.87 NOTE
r-release-macos-arm64 0.1.0 21.00 NOTE
r-release-macos-x86_64 0.1.0 33.00 NOTE
r-release-windows-x86_64 0.1.0 3.00 59.00 62.00 NOTE
r-oldrel-macos-arm64 0.1.0 25.00 NOTE
r-oldrel-macos-x86_64 0.1.0 36.00 NOTE
r-oldrel-windows-x86_64 0.1.0 4.00 67.00 71.00 NOTE

Check Details

Version: 0.1.0
Check: LazyData
Result: NOTE 'LazyData' is specified without a 'data' directory Flavors: r-devel-linux-x86_64-debian-clang, r-devel-linux-x86_64-debian-gcc, r-devel-linux-x86_64-fedora-clang, r-devel-linux-x86_64-fedora-gcc, r-devel-windows-x86_64, r-patched-linux-x86_64, r-release-linux-x86_64, r-release-macos-arm64, r-release-macos-x86_64, r-release-windows-x86_64, r-oldrel-macos-arm64, r-oldrel-macos-x86_64, r-oldrel-windows-x86_64