CRAN Package Check Results for Package sageR

Last updated on 2021-10-22 20:49:14 CEST.

Flavor Version Tinstall Tcheck Ttotal Status Flags
r-devel-linux-x86_64-debian-clang 0.3.0 5.08 58.75 63.83 OK
r-devel-linux-x86_64-debian-gcc 0.3.0 3.74 44.05 47.79 OK
r-devel-linux-x86_64-fedora-clang 0.3.0 90.12 NOTE
r-devel-linux-x86_64-fedora-gcc 0.3.0 78.45 NOTE
r-devel-windows-x86_64 0.3.0 11.00 86.00 97.00 OK
r-devel-windows-x86_64-gcc10-UCRT 0.3.0 NOTE
r-patched-linux-x86_64 0.3.0 5.84 54.58 60.42 OK
r-patched-solaris-x86 0.3.0 109.00 NOTE
r-release-linux-x86_64 0.3.0 4.96 54.62 59.58 OK
r-release-macos-arm64 0.3.0 NOTE
r-release-macos-x86_64 0.3.0 NOTE
r-release-windows-ix86+x86_64 0.3.0 11.00 80.00 91.00 OK
r-oldrel-macos-x86_64 0.3.0 NOTE
r-oldrel-windows-ix86+x86_64 0.3.0 15.00 82.00 97.00 OK

Check Details

Version: 0.3.0
Check: data for non-ASCII characters
Result: NOTE
     Note: found 91 marked UTF-8 strings
Flavors: r-devel-linux-x86_64-fedora-clang, r-devel-linux-x86_64-fedora-gcc, r-devel-windows-x86_64-gcc10-UCRT, r-patched-solaris-x86, r-release-macos-arm64, r-release-macos-x86_64, r-oldrel-macos-x86_64