CRAN Package Check Results for Package safetyCharts

Last updated on 2021-11-26 19:53:04 CET.

Flavor Version Tinstall Tcheck Ttotal Status Flags
r-devel-linux-x86_64-debian-clang 0.2.0 7.78 73.31 81.09 OK
r-devel-linux-x86_64-debian-gcc 0.2.0 6.00 55.74 61.74 OK
r-devel-linux-x86_64-fedora-clang 0.2.0 110.04 NOTE
r-devel-linux-x86_64-fedora-gcc 0.2.0 97.29 NOTE
r-devel-windows-x86_64-new-UL 0.2.0 20.00 117.00 137.00 OK
r-devel-windows-x86_64-new-TK 0.2.0 NOTE
r-devel-windows-x86_64-old 0.2.0 12.00 107.00 119.00 OK
r-patched-linux-x86_64 0.2.0 7.36 69.11 76.47 OK
r-patched-solaris-x86 0.2.0 138.80 NOTE
r-release-linux-x86_64 0.2.0 OK
r-release-macos-arm64 0.2.0 NOTE
r-release-macos-x86_64 0.2.0 NOTE
r-release-windows-ix86+x86_64 0.2.0 19.00 66.00 85.00 OK
r-oldrel-macos-x86_64 0.2.0 NOTE
r-oldrel-windows-ix86+x86_64 0.2.0 20.00 99.00 119.00 OK

Check Details

Version: 0.2.0
Check: dependencies in R code
Result: NOTE
    Namespaces in Imports field not imported from:
     ‘kableExtra’ ‘knitr’
     All declared Imports should be used.
Flavors: r-devel-linux-x86_64-fedora-clang, r-devel-linux-x86_64-fedora-gcc, r-devel-windows-x86_64-new-TK, r-patched-solaris-x86, r-release-macos-arm64, r-release-macos-x86_64, r-oldrel-macos-x86_64