CRAN Package Check Results for Package s2

Last updated on 2024-02-24 12:49:30 CET.

Flavor Version Tinstall Tcheck Ttotal Status Flags
r-devel-linux-x86_64-debian-clang 1.1.6 700.49 83.37 783.86 NOTE
r-devel-linux-x86_64-debian-gcc 1.1.6 622.83 54.97 677.80 NOTE
r-devel-linux-x86_64-fedora-clang 1.1.6 1372.01 NOTE
r-devel-linux-x86_64-fedora-gcc 1.1.6 1298.06 NOTE
r-devel-windows-x86_64 1.1.6 613.00 151.00 764.00 NOTE
r-patched-linux-x86_64 1.1.6 753.64 70.16 823.80 NOTE
r-release-linux-x86_64 1.1.6 786.26 70.96 857.22 NOTE
r-release-macos-arm64 1.1.6 203.00 NOTE
r-release-macos-x86_64 1.1.6 202.00 NOTE
r-release-windows-x86_64 1.1.6 788.00 178.00 966.00 NOTE
r-oldrel-macos-arm64 1.1.6 198.00 NOTE
r-oldrel-windows-x86_64 1.1.6 684.00 159.00 843.00 NOTE

Check Details

Version: 1.1.6
Check: C++ specification
Result: NOTE Specified C++11: please drop specification unless essential Flavors: r-devel-linux-x86_64-debian-clang, r-devel-linux-x86_64-debian-gcc, r-devel-linux-x86_64-fedora-clang, r-devel-linux-x86_64-fedora-gcc, r-devel-windows-x86_64, r-patched-linux-x86_64, r-release-linux-x86_64, r-release-macos-arm64, r-release-macos-x86_64, r-release-windows-x86_64

Version: 1.1.6
Check: Rd cross-references
Result: NOTE Undeclared package ‘sf’ in Rd xrefs Flavor: r-devel-linux-x86_64-fedora-clang

Version: 1.1.6
Check: installed package size
Result: NOTE installed size is 6.5Mb sub-directories of 1Mb or more: libs 5.4Mb Flavors: r-devel-windows-x86_64, r-release-macos-arm64, r-release-macos-x86_64, r-release-windows-x86_64, r-oldrel-macos-arm64, r-oldrel-windows-x86_64