CRAN Package Check Results for Package s2

Last updated on 2022-01-26 07:52:58 CET.

Flavor Version Tinstall Tcheck Ttotal Status Flags
r-devel-linux-x86_64-debian-clang 1.0.7 578.03 58.67 636.70 OK
r-devel-linux-x86_64-debian-gcc 1.0.7 447.39 45.94 493.33 OK
r-devel-linux-x86_64-fedora-clang 1.0.7 1023.32 NOTE
r-devel-linux-x86_64-fedora-gcc 1.0.7 913.18 OK
r-devel-windows-x86_64-new-UL 1.0.7 726.00 165.00 891.00 NOTE
r-devel-windows-x86_64-new-TK 1.0.7 OK
r-patched-linux-x86_64 1.0.7 537.28 58.04 595.32 OK
r-release-linux-x86_64 1.0.7 518.94 56.10 575.04 OK
r-release-macos-arm64 1.0.7 NOTE
r-release-macos-x86_64 1.0.7 NOTE
r-release-windows-ix86+x86_64 1.0.7 1425.00 153.00 1578.00 NOTE
r-oldrel-macos-x86_64 1.0.7 NOTE
r-oldrel-windows-ix86+x86_64 1.0.7 1428.00 160.00 1588.00 NOTE

Check Details

Version: 1.0.7
Check: installed package size
Result: NOTE
     installed size is 35.4Mb
     sub-directories of 1Mb or more:
     libs 34.3Mb
Flavors: r-devel-linux-x86_64-fedora-clang, r-devel-windows-x86_64-new-UL, r-release-macos-arm64, r-release-macos-x86_64, r-release-windows-ix86+x86_64, r-oldrel-macos-x86_64, r-oldrel-windows-ix86+x86_64