CRAN Package Check Results for Package rzentra

Last updated on 2022-10-03 21:53:49 CEST.

Flavor Version Tinstall Tcheck Ttotal Status Flags
r-devel-linux-x86_64-debian-clang 0.1.0 6.34 62.82 69.16 NOTE
r-devel-linux-x86_64-debian-gcc 0.1.0 5.38 46.43 51.81 NOTE
r-devel-linux-x86_64-fedora-clang 0.1.0 100.22 NOTE
r-devel-linux-x86_64-fedora-gcc 0.1.0 90.79 NOTE
r-devel-windows-x86_64 0.1.0 14.00 89.00 103.00 NOTE
r-patched-linux-x86_64 0.1.0 6.85 59.88 66.73 NOTE
r-release-linux-x86_64 0.1.0 6.23 58.25 64.48 NOTE
r-release-macos-arm64 0.1.0 35.00 NOTE
r-release-macos-x86_64 0.1.0 52.00 NOTE
r-release-windows-x86_64 0.1.0 17.00 87.00 104.00 NOTE
r-oldrel-macos-arm64 0.1.0 31.00 NOTE
r-oldrel-macos-x86_64 0.1.0 41.00 NOTE
r-oldrel-windows-ix86+x86_64 0.1.0 17.00 84.00 101.00 NOTE

Check Details

Version: 0.1.0
Check: LazyData
Result: NOTE
     'LazyData' is specified without a 'data' directory
Flavors: r-devel-linux-x86_64-debian-clang, r-devel-linux-x86_64-debian-gcc, r-devel-linux-x86_64-fedora-clang, r-devel-linux-x86_64-fedora-gcc, r-devel-windows-x86_64, r-patched-linux-x86_64, r-release-linux-x86_64, r-release-macos-arm64, r-release-macos-x86_64, r-release-windows-x86_64, r-oldrel-macos-arm64, r-oldrel-macos-x86_64, r-oldrel-windows-ix86+x86_64