CRAN Package Check Results for Package ryandexdirect

Last updated on 2021-07-29 07:49:47 CEST.

Flavor Version Tinstall Tcheck Ttotal Status Flags
r-devel-linux-x86_64-debian-clang 3.6.0 OK
r-devel-linux-x86_64-debian-gcc 3.6.0 7.13 55.27 62.40 OK
r-devel-linux-x86_64-fedora-clang 3.6.0 103.01 NOTE
r-devel-linux-x86_64-fedora-gcc 3.6.0 95.20 OK
r-devel-windows-x86_64 3.6.0 13.00 95.00 108.00 OK
r-devel-windows-x86_64-gcc10-UCRT 3.6.0 OK
r-patched-linux-x86_64 3.6.0 9.47 68.33 77.80 OK
r-patched-solaris-x86 3.6.0 122.80 NOTE
r-release-linux-x86_64 3.6.0 9.90 68.86 78.76 OK
r-release-macos-arm64 3.6.0 OK
r-release-macos-x86_64 3.6.0 OK
r-release-windows-ix86+x86_64 3.6.0 19.00 93.00 112.00 OK
r-oldrel-macos-x86_64 3.6.0 OK
r-oldrel-windows-ix86+x86_64 3.6.0 14.00 93.00 107.00 OK

Check Details

Version: 3.6.0
Check: Rd cross-references
Result: NOTE
    Undeclared package ‘rym’ in Rd xrefs
Flavor: r-devel-linux-x86_64-fedora-clang

Version: 3.6.0
Check: installed package size
Result: NOTE
     installed size is 5.0Mb
     sub-directories of 1Mb or more:
     doc 4.5Mb
Flavor: r-patched-solaris-x86