CRAN Package Check Results for Package rwfec

Last updated on 2024-03-01 06:52:54 CET.

Flavor Version Tinstall Tcheck Ttotal Status Flags
r-devel-linux-x86_64-debian-clang 0.2 29.41 26.58 55.99 NOTE
r-devel-linux-x86_64-debian-gcc 0.2 21.60 20.79 42.39 NOTE
r-devel-linux-x86_64-fedora-clang 0.2 77.60 NOTE
r-devel-linux-x86_64-fedora-gcc 0.2 70.50 NOTE
r-devel-windows-x86_64 0.2 22.00 66.00 88.00 NOTE
r-patched-linux-x86_64 0.2 24.26 25.86 50.12 NOTE
r-release-linux-x86_64 0.2 22.59 25.81 48.40 NOTE
r-release-macos-arm64 0.2 23.00 NOTE
r-release-macos-x86_64 0.2 35.00 NOTE
r-release-windows-x86_64 0.2 25.00 75.00 100.00 NOTE
r-oldrel-macos-arm64 0.2 22.00 NOTE
r-oldrel-windows-x86_64 0.2 28.00 70.00 98.00 NOTE

Check Details

Version: 0.2
Check: LazyData
Result: NOTE 'LazyData' is specified without a 'data' directory Flavors: r-devel-linux-x86_64-debian-clang, r-devel-linux-x86_64-debian-gcc, r-devel-linux-x86_64-fedora-clang, r-devel-linux-x86_64-fedora-gcc, r-devel-windows-x86_64, r-patched-linux-x86_64, r-release-linux-x86_64, r-release-macos-arm64, r-release-macos-x86_64, r-release-windows-x86_64, r-oldrel-macos-arm64, r-oldrel-windows-x86_64

Version: 0.2
Check: compiled code
Result: NOTE File ‘rwfec/libs/rwfec.so’: Found no calls to: ‘R_registerRoutines’, ‘R_useDynamicSymbols’ It is good practice to register native routines and to disable symbol search. See ‘Writing portable packages’ in the ‘Writing R Extensions’ manual. Flavors: r-devel-linux-x86_64-fedora-clang, r-devel-linux-x86_64-fedora-gcc