CRAN Package Check Results for Package rwalkr

Last updated on 2021-06-20 13:49:12 CEST.

Flavor Version Tinstall Tcheck Ttotal Status Flags
r-devel-linux-x86_64-debian-clang 0.5.5 2.27 24.35 26.62 NOTE
r-devel-linux-x86_64-debian-gcc 0.5.5 1.93 19.04 20.97 NOTE
r-devel-linux-x86_64-fedora-clang 0.5.5 41.60 NOTE
r-devel-linux-x86_64-fedora-gcc 0.5.5 30.55 NOTE
r-devel-windows-x86_64 0.5.5 5.00 42.00 47.00 NOTE
r-devel-windows-x86_64-gcc10-UCRT 0.5.5 ERROR
r-patched-linux-x86_64 0.5.5 2.86 23.14 26.00 NOTE
r-patched-solaris-x86 0.5.5 48.30 NOTE
r-release-linux-x86_64 0.5.5 2.27 22.88 25.15 NOTE
r-release-macos-arm64 0.5.5 NOTE
r-release-macos-x86_64 0.5.5 NOTE
r-release-windows-ix86+x86_64 0.5.5 5.00 39.00 44.00 NOTE
r-oldrel-macos-x86_64 0.5.5 OK
r-oldrel-windows-ix86+x86_64 0.5.5 4.00 40.00 44.00 OK

Check Details

Version: 0.5.5
Check: LazyData
Result: NOTE
     'LazyData' is specified without a 'data' directory
Flavors: r-devel-linux-x86_64-debian-clang, r-devel-linux-x86_64-debian-gcc, r-devel-linux-x86_64-fedora-clang, r-devel-linux-x86_64-fedora-gcc, r-devel-windows-x86_64, r-patched-linux-x86_64, r-patched-solaris-x86, r-release-linux-x86_64, r-release-macos-arm64, r-release-macos-x86_64, r-release-windows-ix86+x86_64

Version: 0.5.5
Check: package dependencies
Result: ERROR
    Package required but not available: 'httr'
    
    Package suggested but not available for checking: 'plotly'
    
    See section 'The DESCRIPTION file' in the 'Writing R Extensions'
    manual.
Flavor: r-devel-windows-x86_64-gcc10-UCRT