Last updated on 2023-03-22 06:55:48 CET.
Flavor | Version | Tinstall | Tcheck | Ttotal | Status | Flags |
---|---|---|---|---|---|---|
r-devel-linux-x86_64-debian-clang | 0.6.3.1.1 | 146.83 | 79.87 | 226.70 | OK | |
r-devel-linux-x86_64-debian-gcc | 0.6.3.1.1 | 140.28 | 64.27 | 204.55 | OK | |
r-devel-linux-x86_64-fedora-clang | 0.6.3.1.1 | 296.16 | NOTE | |||
r-devel-linux-x86_64-fedora-gcc | 0.6.3.1.1 | 326.19 | OK | |||
r-patched-linux-x86_64 | 0.6.3.1.1 | 138.75 | 80.68 | 219.43 | OK | |
r-release-linux-x86_64 | 0.6.3.1.1 | 150.76 | 82.47 | 233.23 | OK | |
r-release-macos-arm64 | 0.6.3.1.1 | 81.00 | NOTE | |||
r-release-macos-x86_64 | 0.6.3.1.1 | 113.00 | NOTE | |||
r-release-windows-x86_64 | 0.6.3.1.1 | 237.00 | 149.00 | 386.00 | NOTE | |
r-oldrel-macos-arm64 | 0.6.3.1.1 | 78.00 | NOTE | |||
r-oldrel-macos-x86_64 | 0.6.3.1.1 | 120.00 | NOTE | |||
r-oldrel-windows-ix86+x86_64 | 0.6.3.1.1 | 320.00 | 192.00 | 512.00 | NOTE |
Version: 0.6.3.1.1
Check: installed package size
Result: NOTE
installed size is 10.5Mb
sub-directories of 1Mb or more:
include 5.0Mb
libs 5.0Mb
Flavors: r-devel-linux-x86_64-fedora-clang, r-release-macos-arm64, r-release-macos-x86_64, r-release-windows-x86_64, r-oldrel-macos-arm64, r-oldrel-macos-x86_64, r-oldrel-windows-ix86+x86_64
Version: 0.6.3.1.1
Check: Rd cross-references
Result: NOTE
Undeclared package ‘wdm’ in Rd xrefs
Flavor: r-devel-linux-x86_64-fedora-clang