CRAN Package Check Results for Package rutifier

Last updated on 2022-09-30 12:55:20 CEST.

Flavor Version Tinstall Tcheck Ttotal Status Flags
r-devel-linux-x86_64-debian-clang 1.0.4 1.71 22.11 23.82 NOTE
r-devel-linux-x86_64-debian-gcc 1.0.4 1.60 17.98 19.58 NOTE
r-devel-linux-x86_64-fedora-clang 1.0.4 43.67 NOTE
r-devel-linux-x86_64-fedora-gcc 1.0.4 40.81 NOTE
r-devel-windows-x86_64 1.0.4 7.00 58.00 65.00 NOTE
r-patched-linux-x86_64 1.0.4 1.79 22.31 24.10 NOTE
r-release-linux-x86_64 1.0.4 1.32 21.77 23.09 NOTE
r-release-macos-arm64 1.0.4 16.00 NOTE
r-release-macos-x86_64 1.0.4 24.00 NOTE
r-release-windows-x86_64 1.0.4 6.00 50.00 56.00 NOTE
r-oldrel-macos-arm64 1.0.4 17.00 NOTE
r-oldrel-macos-x86_64 1.0.4 26.00 NOTE
r-oldrel-windows-ix86+x86_64 1.0.4 6.00 40.00 46.00 NOTE

Check Details

Version: 1.0.4
Check: LazyData
Result: NOTE
     'LazyData' is specified without a 'data' directory
Flavors: r-devel-linux-x86_64-debian-clang, r-devel-linux-x86_64-debian-gcc, r-devel-linux-x86_64-fedora-clang, r-devel-linux-x86_64-fedora-gcc, r-devel-windows-x86_64, r-patched-linux-x86_64, r-release-linux-x86_64, r-release-macos-arm64, r-release-macos-x86_64, r-release-windows-x86_64, r-oldrel-macos-arm64, r-oldrel-macos-x86_64, r-oldrel-windows-ix86+x86_64