CRAN Package Check Results for Package rusk

Last updated on 2022-10-06 21:50:05 CEST.

Flavor Version Tinstall Tcheck Ttotal Status Flags
r-devel-linux-x86_64-debian-clang 0.1.1 7.25 62.46 69.71 NOTE
r-devel-linux-x86_64-debian-gcc 0.1.1 5.10 46.66 51.76 NOTE
r-devel-linux-x86_64-fedora-clang 0.1.1 103.45 NOTE
r-devel-linux-x86_64-fedora-gcc 0.1.1 90.40 NOTE
r-devel-windows-x86_64 0.1.1 12.00 78.00 90.00 NOTE
r-patched-linux-x86_64 0.1.1 6.94 57.81 64.75 NOTE
r-release-linux-x86_64 0.1.1 4.39 58.36 62.75 NOTE
r-release-macos-arm64 0.1.1 25.00 NOTE
r-release-macos-x86_64 0.1.1 47.00 NOTE
r-release-windows-x86_64 0.1.1 16.00 83.00 99.00 NOTE
r-oldrel-macos-arm64 0.1.1 31.00 NOTE
r-oldrel-macos-x86_64 0.1.1 43.00 NOTE
r-oldrel-windows-ix86+x86_64 0.1.1 18.00 80.00 98.00 NOTE

Check Details

Version: 0.1.1
Check: LazyData
Result: NOTE
     'LazyData' is specified without a 'data' directory
Flavors: r-devel-linux-x86_64-debian-clang, r-devel-linux-x86_64-debian-gcc, r-devel-linux-x86_64-fedora-clang, r-devel-linux-x86_64-fedora-gcc, r-devel-windows-x86_64, r-patched-linux-x86_64, r-release-linux-x86_64, r-release-macos-arm64, r-release-macos-x86_64, r-release-windows-x86_64, r-oldrel-macos-arm64, r-oldrel-macos-x86_64, r-oldrel-windows-ix86+x86_64