CRAN Package Check Results for Package runjags

Last updated on 2021-09-24 01:50:18 CEST.

Flavor Version Tinstall Tcheck Ttotal Status Flags
r-devel-linux-x86_64-debian-clang 2.2.0-2 31.36 214.91 246.27 WARN
r-devel-linux-x86_64-debian-gcc 2.2.0-2 24.14 158.16 182.30 WARN
r-devel-linux-x86_64-fedora-clang 2.2.0-2 311.82 NOTE
r-devel-linux-x86_64-fedora-gcc 2.2.0-2 328.12 NOTE
r-devel-windows-x86_64 2.2.0-2 35.00 93.00 128.00 NOTE --no-examples --no-tests --no-vignettes
r-devel-windows-x86_64-gcc10-UCRT 2.2.0-2 NOTE
r-patched-linux-x86_64 2.2.0-2 27.30 194.43 221.73 WARN
r-patched-solaris-x86 2.2.0-2 497.80 NOTE
r-release-linux-x86_64 2.2.0-2 29.12 197.05 226.17 WARN
r-release-macos-arm64 2.2.0-2 NOTE
r-release-macos-x86_64 2.2.0-2 NOTE
r-release-windows-ix86+x86_64 2.2.0-2 59.00 102.00 161.00 NOTE --no-examples --no-tests --no-vignettes
r-oldrel-macos-x86_64 2.2.0-2 OK
r-oldrel-windows-ix86+x86_64 2.2.0-2 65.00 93.00 158.00 OK --no-examples --no-tests --no-vignettes

Check Details

Version: 2.2.0-2
Check: top-level files
Result: WARN
     Output from running autoreconf:
     configure.ac:67: warning: The macro `AC_HELP_STRING' is obsolete.
     configure.ac:67: You should run autoupdate.
     ./lib/autoconf/general.m4:204: AC_HELP_STRING is expanded from...
     configure.ac:67: the top level
     configure.ac:89: warning: The macro `AC_HELP_STRING' is obsolete.
     configure.ac:89: You should run autoupdate.
     ./lib/autoconf/general.m4:204: AC_HELP_STRING is expanded from...
     configure.ac:89: the top level
     configure.ac:128: warning: The macro `AC_HELP_STRING' is obsolete.
     configure.ac:128: You should run autoupdate.
     ./lib/autoconf/general.m4:204: AC_HELP_STRING is expanded from...
     configure.ac:128: the top level
     configure.ac:152: warning: The macro `AC_HELP_STRING' is obsolete.
     configure.ac:152: You should run autoupdate.
     ./lib/autoconf/general.m4:204: AC_HELP_STRING is expanded from...
     configure.ac:152: the top level
     configure.ac:193: warning: AC_OUTPUT should be used without arguments.
     configure.ac:193: You should run autoupdate.
Flavors: r-devel-linux-x86_64-debian-clang, r-devel-linux-x86_64-debian-gcc, r-patched-linux-x86_64, r-release-linux-x86_64

Version: 2.2.0-2
Check: LazyData
Result: NOTE
     'LazyData' is specified without a 'data' directory
Flavors: r-devel-linux-x86_64-debian-clang, r-devel-linux-x86_64-debian-gcc, r-devel-linux-x86_64-fedora-clang, r-devel-linux-x86_64-fedora-gcc, r-devel-windows-x86_64-gcc10-UCRT, r-patched-linux-x86_64, r-patched-solaris-x86, r-release-linux-x86_64, r-release-macos-arm64, r-release-macos-x86_64

Version: 2.2.0-2
Flags: --no-examples --no-tests --no-vignettes
Check: LazyData
Result: NOTE
     'LazyData' is specified without a 'data' directory
Flavors: r-devel-windows-x86_64, r-release-windows-ix86+x86_64