CRAN Package Check Results for Package runjags

Last updated on 2023-02-05 00:55:33 CET.

Flavor Version Tinstall Tcheck Ttotal Status Flags
r-devel-linux-x86_64-debian-clang 2.2.1-7 38.46 241.24 279.70 NOTE
r-devel-linux-x86_64-debian-gcc 2.2.1-7 25.80 174.75 200.55 NOTE
r-devel-linux-x86_64-fedora-clang 2.2.1-7 383.00 NOTE
r-devel-linux-x86_64-fedora-gcc 2.2.1-7 404.29 NOTE
r-devel-windows-x86_64 2.2.1-7 86.00 92.00 178.00 NOTE --no-examples --no-tests --no-vignettes
r-patched-linux-x86_64 2.2.1-7 30.02 232.54 262.56 OK
r-release-linux-x86_64 2.2.1-7 28.60 243.47 272.07 OK
r-release-macos-arm64 2.2.1-7 188.00 OK
r-release-macos-x86_64 2.2.1-7 177.00 NOTE
r-release-windows-x86_64 2.2.1-7 85.00 92.00 177.00 OK --no-examples --no-tests --no-vignettes
r-oldrel-macos-arm64 2.2.1-7 201.00 OK
r-oldrel-macos-x86_64 2.2.1-7 256.00 OK
r-oldrel-windows-ix86+x86_64 2.2.1-7 61.00 118.00 179.00 OK --no-examples --no-tests --no-vignettes

Check Details

Version: 2.2.1-7
Check: Rd files
Result: NOTE
    checkRd: (-1) run.jags.study.Rd:67: Escaped LaTeX specials: \$
Flavors: r-devel-linux-x86_64-debian-clang, r-devel-linux-x86_64-debian-gcc, r-devel-linux-x86_64-fedora-clang, r-devel-linux-x86_64-fedora-gcc

Version: 2.2.1-7
Flags: --no-examples --no-tests --no-vignettes
Check: Rd files
Result: NOTE
    checkRd: (-1) run.jags.study.Rd:67: Escaped LaTeX specials: \$
Flavor: r-devel-windows-x86_64

Version: 2.2.1-7
Check: package dependencies
Result: NOTE
    Package suggested but not available for checking: ‘rjags’
Flavor: r-release-macos-x86_64

Version: 2.2.1-7
Check: Rd cross-references
Result: NOTE
    Package unavailable to check Rd xrefs: ‘rjags’
Flavor: r-release-macos-x86_64